{"id":4799,"date":"2026-08-31T13:19:53","date_gmt":"2026-08-31T16:19:53","guid":{"rendered":"https:\/\/artesanatoincasa.com.br\/loja\/?post_type=product&#038;p=4799"},"modified":"2026-09-02T09:38:38","modified_gmt":"2026-09-02T12:38:38","slug":"revista-artesanato-in-casa-ed-23-versao-digital","status":"publish","type":"product","link":"https:\/\/artesanatoincasa.com.br\/loja\/produto\/revista-artesanato-in-casa-ed-23-versao-digital\/","title":{"rendered":"Revista Artesanato In Casa Ed.23 &#8211; Vers\u00e3o Digital"},"content":{"rendered":"<p><strong>Edi\u00e7\u00e3o 23 da Revista Artesanato In Casa!<\/strong><\/p>\n<p>\ud83c\udf8a\ud83c\udf89\ud83c\udf8a\ud83c\udf89\ud83c\udf8a\ud83c\udf89\ud83c\udf8a\ud83c\udf8a\ud83c\udf89\ud83c\udf8a\ud83e\udd29\ud83d\ude4c\ud83d\ude4c\ud83d\ude4c\ud83d\ude4c\ud83d\ude4c\ud83d\ude4c<br \/>\n\u2764\ufe0f\u2764\ufe0f\u2764\ufe0f\u2764\ufe0f\u2764\ufe0f\u2764\ufe0f\u2764\ufe0f\u2764\ufe0f\u2764\ufe0f\u2764\ufe0f\u2764\ufe0f\u2764\ufe0f<\/p>\n<p><strong>VEJA UM POUCO DO QUE TROUXEMOS NESTA EDI\u00c7\u00c3O&#8230;<\/strong><\/p>\n<p>S\u00e3o mais de <strong>240 trabalhos<\/strong> para inspirar, aprender e at\u00e9 transformar em renda. Uma edi\u00e7\u00e3o recheada de criatividade, tend\u00eancias e passo a passos para quem ama artesanato.<\/p>\n<p>\u2714 <strong>Pulseira de Mi\u00e7angas<\/strong> Copo do Mundo em Entrela\u00e7amento por EMPRESA COLORE;<br \/>\n\u2714 <strong>Velas Arom\u00e1ticas<\/strong> com Arranjo de Flores por Peter Paiva;<br \/>\n\u2714 <strong>Can\u00e1rio Chapinha<\/strong> na Pintura em Madeira por Iara Nicola;<br \/>\n\u2714 <strong>Ter\u00e7o de Anjinho<\/strong> em Feltro por Lidiane Pereira;<br \/>\n\u2714 <strong>Marcador de P\u00e1ginas<\/strong> Flor de L\u00f3tus em Origami por Bianka Tomie;<br \/>\n\u2714 <strong>Porta-\u00d3culos<\/strong> em Tela Grid por Rute Prestes;<br \/>\n\u2714 <strong>Barrado Car\u00edcia<\/strong> em Croch\u00ea por Gisele Pereira;<br \/>\n\u2714 <strong>\u00c1lbum Nossa Hist\u00f3ria<\/strong> na Encaderna\u00e7\u00e3o por Dani Morbi;<br \/>\n\u2714 <strong>Porta-Clips<\/strong> Capivara Brasil por Cris C\u00e2mara;<br \/>\n\u2714 <strong>Blusa Brasil<\/strong> em Ponto Cruz por Ana Santos;<br \/>\n\u2714<strong> Chaveiro Inteligente<\/strong> em Costura Criativa por Tati Rocha.<\/p>\n<p>\ud83d\ude80 Al\u00e9m dos projetos artesanais, preparamos conte\u00fados especiais para ajudar voc\u00ea a evoluir em seu neg\u00f3cio:<\/p>\n<p>\u2022 Como criar uma marca forte para o seu neg\u00f3cio em 2026;<br \/>\n\u2022 O que est\u00e1 vendendo no artesanato atualmente;<br \/>\n\u2022 Pontos fundamentais para vender online com mais resultados;<br \/>\n\u2022 3 dicas pr\u00e1ticas de precifica\u00e7\u00e3o para artes\u00e3os;<br \/>\n\u2022 Tend\u00eancias no Artesanato.<\/p>\n<p>Artigo Especial: \u201cArtesanato, Sa\u00fade Mental e Neuroexpress\u00e3o: quando as m\u00e3os ajudam a mente a respirar\u201d<br \/>\npor Alexssandra Colonnese.<\/p>\n<p>\ud83c\udf1f Conhe\u00e7a a <strong>Hist\u00f3ria de Sucesso<\/strong> da professora e artes\u00e3<strong> Wanda Fornazieri<\/strong>.<br \/>\nUma hist\u00f3ria de dedica\u00e7\u00e3o, sustentabilidade e gera\u00e7\u00e3o de renda atrav\u00e9s do artesanato.<\/p>\n<p>\ud83e\udd1d Na se\u00e7\u00e3o especial com Peter Paiva, descubra como criar parcerias estrat\u00e9gicas e ampliar as oportunidades para o seu neg\u00f3cio.<\/p>\n<p>\ud83c\udf89 Confira tudo sobre a 2\u00aa Edi\u00e7\u00e3o da Artesanal Fashion Day 2026.<\/p>\n<p>Mais inspira\u00e7\u00e3o, mais aprendizado, mais oportunidades para quem deseja criar, empreender e lucrar com o artesanato.<\/p>\n<p>Lembre-se: cada produto adquirido em nosso site, voc\u00ea estar\u00e1 ajudando a muitas fam\u00edlias que vivem do artesanato.<\/p>\n<p>Obrigado e \u00f3tima leitura!<\/p>\n","protected":false},"excerpt":{"rendered":"<p><strong>Edi\u00e7\u00e3o 23 da Revista Artesanato In Casa!<\/strong><\/p>\n<p>\ud83c\udf8a\ud83c\udf89\ud83c\udf8a\ud83c\udf89\ud83c\udf8a\ud83c\udf89\ud83c\udf8a\ud83c\udf8a\ud83c\udf89\ud83c\udf8a\ud83e\udd29\ud83d\ude4c\ud83d\ude4c\ud83d\ude4c\ud83d\ude4c\ud83d\ude4c\ud83d\ude4c<br \/>\n\u2764\ufe0f\u2764\ufe0f\u2764\ufe0f\u2764\ufe0f\u2764\ufe0f\u2764\ufe0f\u2764\ufe0f\u2764\ufe0f\u2764\ufe0f\u2764\ufe0f\u2764\ufe0f\u2764\ufe0f<\/p>\n<p><strong>VEJA UM POUCO DO QUE TROUXEMOS NESTA EDI\u00c7\u00c3O&#8230;<\/strong><\/p>\n<p>S\u00e3o mais de <strong>240 trabalhos<\/strong> para inspirar, aprender e at\u00e9 transformar em renda. Uma edi\u00e7\u00e3o recheada de criatividade, tend\u00eancias e passo a passos para quem ama artesanato.<\/p>\n<p>\u2714 <strong>Pulseira de Mi\u00e7angas<\/strong> Copo do Mundo em Entrela\u00e7amento por EMPRESA COLORE;<br \/>\n\u2714 <strong>Velas Arom\u00e1ticas<\/strong> com Arranjo de Flores por Peter Paiva;<br \/>\n\u2714 <strong>Can\u00e1rio Chapinha<\/strong> na Pintura em Madeira por Iara Nicola;<br \/>\n\u2714 <strong>Ter\u00e7o de Anjinho<\/strong> em Feltro por Lidiane Pereira;<br \/>\n\u2714 <strong>Marcador de P\u00e1ginas<\/strong> Flor de L\u00f3tus em Origami por Bianka Tomie;<br \/>\n\u2714 <strong>Porta-\u00d3culos<\/strong> em Tela Grid por Rute Prestes;<br \/>\n\u2714 <strong>Barrado Car\u00edcia<\/strong> em Croch\u00ea por Gisele Pereira;<br \/>\n\u2714 <strong>\u00c1lbum Nossa Hist\u00f3ria<\/strong> na Encaderna\u00e7\u00e3o por Dani Morbi;<br \/>\n\u2714 <strong>Porta-Clips<\/strong> Capivara Brasil por Cris C\u00e2mara;<br \/>\n\u2714 <strong>Blusa Brasil<\/strong> em Ponto Cruz por Ana Santos;<br \/>\n\u2714<strong> Chaveiro Inteligente<\/strong> em Costura Criativa por Tati Rocha.<\/p>\n<p>\ud83d\ude80 Al\u00e9m dos projetos artesanais, preparamos conte\u00fados especiais para ajudar voc\u00ea a evoluir em seu neg\u00f3cio:<\/p>\n<p>\u2022 Como criar uma marca forte para o seu neg\u00f3cio em 2026;<br \/>\n\u2022 O que est\u00e1 vendendo no artesanato atualmente;<br \/>\n\u2022 Pontos fundamentais para vender online com mais resultados;<br \/>\n\u2022 3 dicas pr\u00e1ticas de precifica\u00e7\u00e3o para artes\u00e3os;<br \/>\n\u2022 Tend\u00eancias no Artesanato.<\/p>\n<p>Artigo Especial: \u201cArtesanato, Sa\u00fade Mental e Neuroexpress\u00e3o: quando as m\u00e3os ajudam a mente a respirar\u201d<br \/>\npor Alexssandra Colonnese.<\/p>\n<p>\ud83c\udf1f Conhe\u00e7a a <strong>Hist\u00f3ria de Sucesso<\/strong> da professora e artes\u00e3<strong> Wanda Fornazieri<\/strong>.<br \/>\nUma hist\u00f3ria de dedica\u00e7\u00e3o, sustentabilidade e gera\u00e7\u00e3o de renda atrav\u00e9s do artesanato.<\/p>\n<p>\ud83e\udd1d Na se\u00e7\u00e3o especial com Peter Paiva, descubra como criar parcerias estrat\u00e9gicas e ampliar as oportunidades para o seu neg\u00f3cio.<\/p>\n<p>\ud83c\udf89 Confira tudo sobre a 2\u00aa Edi\u00e7\u00e3o da Artesanal Fashion Day 2026.<\/p>\n<p>Mais inspira\u00e7\u00e3o, mais aprendizado, mais oportunidades para quem deseja criar, empreender e lucrar com o artesanato.<\/p>\n<p>Lembre-se: cada produto adquirido em nosso site, voc\u00ea estar\u00e1 ajudando a muitas fam\u00edlias que vivem do artesanato.<\/p>\n<p>Obrigado e \u00f3tima leitura!<\/p>\n","protected":false},"featured_media":4801,"comment_status":"open","ping_status":"closed","template":"","meta":{"_monsterinsights_skip_tracking":false},"product_brand":[],"product_cat":[168,165],"product_tag":[264,333,260,368,256,243,300,268,252,262,319,275,258,331,278],"class_list":["post-4799","product","type-product","status-publish","has-post-thumbnail","product_cat-revistas","product_cat-revistas-e-apostilas","product_tag-apostila","product_tag-aprender-artesanato","product_tag-artesa","product_tag-artesanatonatela","product_tag-cartonagem","product_tag-costura-criativa","product_tag-croche-2","product_tag-decoracao","product_tag-empreender","product_tag-eva","product_tag-feitoamao","product_tag-macrame","product_tag-marketingdigital","product_tag-revista-digital","product_tag-revistadeartesanato","first","instock","sale","downloadable","virtual","taxable","purchasable","product-type-simple"],"_links":{"self":[{"href":"https:\/\/artesanatoincasa.com.br\/loja\/wp-json\/wp\/v2\/product\/4799","targetHints":{"allow":["GET"]}}],"collection":[{"href":"https:\/\/artesanatoincasa.com.br\/loja\/wp-json\/wp\/v2\/product"}],"about":[{"href":"https:\/\/artesanatoincasa.com.br\/loja\/wp-json\/wp\/v2\/types\/product"}],"replies":[{"embeddable":true,"href":"https:\/\/artesanatoincasa.com.br\/loja\/wp-json\/wp\/v2\/comments?post=4799"}],"wp:featuredmedia":[{"embeddable":true,"href":"https:\/\/artesanatoincasa.com.br\/loja\/wp-json\/wp\/v2\/media\/4801"}],"wp:attachment":[{"href":"https:\/\/artesanatoincasa.com.br\/loja\/wp-json\/wp\/v2\/media?parent=4799"}],"wp:term":[{"taxonomy":"product_brand","embeddable":true,"href":"https:\/\/artesanatoincasa.com.br\/loja\/wp-json\/wp\/v2\/product_brand?post=4799"},{"taxonomy":"product_cat","embeddable":true,"href":"https:\/\/artesanatoincasa.com.br\/loja\/wp-json\/wp\/v2\/product_cat?post=4799"},{"taxonomy":"product_tag","embeddable":true,"href":"https:\/\/artesanatoincasa.com.br\/loja\/wp-json\/wp\/v2\/product_tag?post=4799"}],"curies":[{"name":"wp","href":"https:\/\/api.w.org\/{rel}","templated":true}]}}

Revista Artesanato In Casa Ed.23 &#8211; Versão Digital

<p><strong>Edição 23 da Revista Artesanato In Casa!</strong></p>
<p>🎊🎉🎊🎉🎊🎉🎊🎊🎉🎊🤩🙌🙌🙌🙌🙌🙌<br />
❤️❤️❤️❤️❤️❤️❤️❤️❤️❤️❤️❤️</p>
<p><strong>VEJA UM POUCO DO QUE TROUXEMOS NESTA EDIÇÃO&#8230;</strong></p>
<p>São mais de <strong>240 trabalhos</strong> para inspirar, aprender e até transformar em renda. Uma edição recheada de criatividade, tendências e passo a passos para quem ama artesanato.</p>
<p>✔ <strong>Pulseira de Miçangas</strong> Copo do Mundo em Entrelaçamento por EMPRESA COLORE;<br />
✔ <strong>Velas Aromáticas</strong> com Arranjo de Flores por Peter Paiva;<br />
✔ <strong>Canário Chapinha</strong> na Pintura em Madeira por Iara Nicola;<br />
✔ <strong>Terço de Anjinho</strong> em Feltro por Lidiane Pereira;<br />
✔ <strong>Marcador de Páginas</strong> Flor de Lótus em Origami por Bianka Tomie;<br />
✔ <strong>Porta-Óculos</strong> em Tela Grid por Rute Prestes;<br />
✔ <strong>Barrado Carícia</strong> em Crochê por Gisele Pereira;<br />
✔ <strong>Álbum Nossa História</strong> na Encadernação por Dani Morbi;<br />
✔ <strong>Porta-Clips</strong> Capivara Brasil por Cris Câmara;<br />
✔ <strong>Blusa Brasil</strong> em Ponto Cruz por Ana Santos;<br />
✔<strong> Chaveiro Inteligente</strong> em Costura Criativa por Tati Rocha.</p>
<p>🚀 Além dos projetos artesanais, preparamos conteúdos especiais para ajudar você a evoluir em seu negócio:</p>
<p>• Como criar uma marca forte para o seu negócio em 2026;<br />
• O que está vendendo no artesanato atualmente;<br />
• Pontos fundamentais para vender online com mais resultados;<br />
• 3 dicas práticas de precificação para artesãos;<br />
• Tendências no Artesanato.</p>
<p>Artigo Especial: “Artesanato, Saúde Mental e Neuroexpressão: quando as mãos ajudam a mente a respirar”<br />
por Alexssandra Colonnese.</p>
<p>🌟 Conheça a <strong>História de Sucesso</strong> da professora e artesã<strong> Wanda Fornazieri</strong>.<br />
Uma história de dedicação, sustentabilidade e geração de renda através do artesanato.</p>
<p>🤝 Na seção especial com Peter Paiva, descubra como criar parcerias estratégicas e ampliar as oportunidades para o seu negócio.</p>
<p>🎉 Confira tudo sobre a 2ª Edição da Artesanal Fashion Day 2026.</p>
<p>Mais inspiração, mais aprendizado, mais oportunidades para quem deseja criar, empreender e lucrar com o artesanato.</p>
<p>Lembre-se: cada produto adquirido em nosso site, você estará ajudando a muitas famílias que vivem do artesanato.</p>
<p>Obrigado e ótima leitura!</p>
