{"id":4653,"date":"2026-05-05T19:31:09","date_gmt":"2026-05-05T22:31:09","guid":{"rendered":"https:\/\/artesanatoincasa.com.br\/loja\/?post_type=product&#038;p=4653"},"modified":"2026-05-05T19:35:00","modified_gmt":"2026-05-05T22:35:00","slug":"bolsas-in-casa-com-rute-prestes-apostila-digital","status":"publish","type":"product","link":"https:\/\/artesanatoincasa.com.br\/loja\/produto\/apostilas\/bolsas-in-casa-com-rute-prestes-apostila-digital\/","title":{"rendered":"Bolsas in Casa com Rute Prestes &#8211; Apostila Digital"},"content":{"rendered":"<h3><strong>Bolsas in Casa com Rute Prestes &#8211; Apostila Digital<\/strong><\/h3>\n<p class=\"_aupe copyable-text x15bjb6t x1n2onr6\"><span class=\"_aupe copyable-text xkrh14z\">Aprenda a criar bolsas de luxo com a t\u00e9cnica <em>Bolsa Grid<\/em> e transforme fios em verdadeiras obras de arte!<\/span><\/p>\n<p class=\"_aupe copyable-text x15bjb6t x1n2onr6\"><span class=\"_aupe copyable-text xkrh14z\">Nesta edi\u00e7\u00e3o especial do projeto digital <strong>por Rute Prestes<\/strong>, voc\u00ea ter\u00e1 acesso ao passo a passo detalhado para confeccionar duas das pe\u00e7as mais desejadas do momento: a sofisticada Bolsa Nat\u00e1lia, com seu padr\u00e3o geom\u00e9trico marcante, e a elegante Bolsa Rami, que traz uma textura cl\u00e1ssica e atemporal.<\/span><\/p>\n<p class=\"_aupe copyable-text x15bjb6t x1n2onr6\"><strong><span class=\"_aupe copyable-text xkrh14z\">O que voc\u00ea encontrar\u00e1 nesta apostila:<\/span><\/strong><\/p>\n<p class=\"_aupe copyable-text x15bjb6t x1n2onr6\"><span class=\"emoji x1rg5ohu x16dsc37 x19la9d6 x1fc57z9 x6ikm8r x10wlt62 x19co3pv x11tp94h xw4jnvo x1qx5ct2 xfibh0p xiy17q3 x1xsqp64 x1lkfr7t xexx8yu xyri2b x18d9i69 x1c1uobl\"><span class=\"xrtxmta x1bhl96m\">\ud83d\udcf8<\/span><\/span><span class=\"_aupe copyable-text xkrh14z\"> Passo a Passo Fotografado: Imagens em alta resolu\u00e7\u00e3o que mostram cada detalhe do processo, garantindo que voc\u00ea aprenda com clareza.<\/span><\/p>\n<p class=\"_aupe copyable-text x15bjb6t x1n2onr6\"><span class=\"emoji x1rg5ohu x16dsc37 x19la9d6 x1fc57z9 x6ikm8r x10wlt62 x19co3pv x11tp94h xw4jnvo x1qx5ct2 xfibh0p xiy17q3 x1xsqp64 x1lkfr7t xexx8yu xyri2b x18d9i69 x1c1uobl\"><span class=\"xrtxmta x1bhl96m\">\ud83e\uddf6<\/span><\/span><span class=\"_aupe copyable-text xkrh14z\"> T\u00e9cnica Exclusiva: Domine a &#8220;Bolsa Grid&#8221;, uma t\u00e9cnica que une estrutura e design moderno para um acabamento profissional.<\/span><\/p>\n<p class=\"_aupe copyable-text x15bjb6t x1n2onr6\"><span class=\"emoji x1rg5ohu x16dsc37 x19la9d6 x1fc57z9 x6ikm8r x10wlt62 x19co3pv x11tp94h xw4jnvo x1qx5ct2 xfibh0p xiy17q3 x1xsqp64 x1lkfr7t xexx8yu xyri2b x18d9i69 x1c1uobl\"><span class=\"xrtxmta x1bhl96m\">\ud83d\udcd0<\/span><\/span><span class=\"_aupe copyable-text xkrh14z\"> Projetos Completos: Lista de materiais e orienta\u00e7\u00f5es precisas para as duas bolsas (Nat\u00e1lia e Rami).<\/span><\/p>\n<p class=\"_aupe copyable-text x15bjb6t x1n2onr6\"><span class=\"emoji x1rg5ohu x16dsc37 x19la9d6 x1fc57z9 x6ikm8r x10wlt62 x19co3pv x11tp94h xw4jnvo x1qx5ct2 xfibh0p xiy17q3 x1xsqp64 x1lkfr7t xexx8yu xyri2b x18d9i69 x1c1uobl\"><span class=\"xrtxmta x1bhl96m\">\ud83d\udcbb<\/span><\/span><span class=\"_aupe copyable-text xkrh14z\"> Praticidade Digital: Estude onde quiser! Acesse pelo celular, tablet ou computador e aprenda direto na tela.<\/span><\/p>\n<p class=\"_aupe copyable-text x15bjb6t x1n2onr6\"><span class=\"emoji x1rg5ohu x16dsc37 x19la9d6 x1fc57z9 x6ikm8r x10wlt62 x19co3pv x11tp94h xw4jnvo x1qx5ct2 xfibh0p xiy17q3 x1xsqp64 x1lkfr7t xexx8yu xyri2b x18d9i69 x1c1uobl\"><span class=\"xrtxmta x1bhl96m\">\u2728<\/span><\/span><span class=\"_aupe copyable-text xkrh14z\"> Empreendedorismo: Pe\u00e7as com alto valor de mercado, perfeitas para vender ou presentear com exclusividade.<\/span><\/p>\n<p class=\"_aupe copyable-text x15bjb6t x1n2onr6\"><span class=\"_aupe copyable-text xkrh14z\">Desenvolva suas habilidades e crie acess\u00f3rios que encantam \u00e0 primeira vista!<\/span><\/p>\n<p class=\"_aupe copyable-text x15bjb6t x1n2onr6\"><span class=\"_aupe copyable-text xkrh14z\"><strong>Lembre-se:<\/strong> cada produto adquirido em nossa loja estar\u00e1 ajudando a muitas fam\u00edlias que vivem no artesanato do Brasil.<\/span><\/p>\n","protected":false},"excerpt":{"rendered":"<h3><strong>Bolsas in Casa com Rute Prestes &#8211; Apostila Digital<\/strong><\/h3>\n<p class=\"_aupe copyable-text x15bjb6t x1n2onr6\"><span class=\"_aupe copyable-text xkrh14z\">Aprenda a criar bolsas de luxo com a t\u00e9cnica <em>Bolsa Grid<\/em> e transforme fios em verdadeiras obras de arte!<\/span><\/p>\n<p class=\"_aupe copyable-text x15bjb6t x1n2onr6\"><span class=\"_aupe copyable-text xkrh14z\">Nesta edi\u00e7\u00e3o especial do projeto digital <strong>por Rute Prestes<\/strong>, voc\u00ea ter\u00e1 acesso ao passo a passo detalhado para confeccionar duas das pe\u00e7as mais desejadas do momento: a sofisticada Bolsa Nat\u00e1lia, com seu padr\u00e3o geom\u00e9trico marcante, e a elegante Bolsa Rami, que traz uma textura cl\u00e1ssica e atemporal.<\/span><\/p>\n<p class=\"_aupe copyable-text x15bjb6t x1n2onr6\"><strong><span class=\"_aupe copyable-text xkrh14z\">O que voc\u00ea encontrar\u00e1 nesta apostila:<\/span><\/strong><\/p>\n<p class=\"_aupe copyable-text x15bjb6t x1n2onr6\"><span class=\"emoji x1rg5ohu x16dsc37 x19la9d6 x1fc57z9 x6ikm8r x10wlt62 x19co3pv x11tp94h xw4jnvo x1qx5ct2 xfibh0p xiy17q3 x1xsqp64 x1lkfr7t xexx8yu xyri2b x18d9i69 x1c1uobl\"><span class=\"xrtxmta x1bhl96m\">\ud83d\udcf8<\/span><\/span><span class=\"_aupe copyable-text xkrh14z\"> Passo a Passo Fotografado: Imagens em alta resolu\u00e7\u00e3o que mostram cada detalhe do processo, garantindo que voc\u00ea aprenda com clareza.<\/span><\/p>\n<p class=\"_aupe copyable-text x15bjb6t x1n2onr6\"><span class=\"emoji x1rg5ohu x16dsc37 x19la9d6 x1fc57z9 x6ikm8r x10wlt62 x19co3pv x11tp94h xw4jnvo x1qx5ct2 xfibh0p xiy17q3 x1xsqp64 x1lkfr7t xexx8yu xyri2b x18d9i69 x1c1uobl\"><span class=\"xrtxmta x1bhl96m\">\ud83e\uddf6<\/span><\/span><span class=\"_aupe copyable-text xkrh14z\"> T\u00e9cnica Exclusiva: Domine a &#8220;Bolsa Grid&#8221;, uma t\u00e9cnica que une estrutura e design moderno para um acabamento profissional.<\/span><\/p>\n<p class=\"_aupe copyable-text x15bjb6t x1n2onr6\"><span class=\"emoji x1rg5ohu x16dsc37 x19la9d6 x1fc57z9 x6ikm8r x10wlt62 x19co3pv x11tp94h xw4jnvo x1qx5ct2 xfibh0p xiy17q3 x1xsqp64 x1lkfr7t xexx8yu xyri2b x18d9i69 x1c1uobl\"><span class=\"xrtxmta x1bhl96m\">\ud83d\udcd0<\/span><\/span><span class=\"_aupe copyable-text xkrh14z\"> Projetos Completos: Lista de materiais e orienta\u00e7\u00f5es precisas para as duas bolsas (Nat\u00e1lia e Rami).<\/span><\/p>\n<p class=\"_aupe copyable-text x15bjb6t x1n2onr6\"><span class=\"emoji x1rg5ohu x16dsc37 x19la9d6 x1fc57z9 x6ikm8r x10wlt62 x19co3pv x11tp94h xw4jnvo x1qx5ct2 xfibh0p xiy17q3 x1xsqp64 x1lkfr7t xexx8yu xyri2b x18d9i69 x1c1uobl\"><span class=\"xrtxmta x1bhl96m\">\ud83d\udcbb<\/span><\/span><span class=\"_aupe copyable-text xkrh14z\"> Praticidade Digital: Estude onde quiser! Acesse pelo celular, tablet ou computador e aprenda direto na tela.<\/span><\/p>\n<p class=\"_aupe copyable-text x15bjb6t x1n2onr6\"><span class=\"emoji x1rg5ohu x16dsc37 x19la9d6 x1fc57z9 x6ikm8r x10wlt62 x19co3pv x11tp94h xw4jnvo x1qx5ct2 xfibh0p xiy17q3 x1xsqp64 x1lkfr7t xexx8yu xyri2b x18d9i69 x1c1uobl\"><span class=\"xrtxmta x1bhl96m\">\u2728<\/span><\/span><span class=\"_aupe copyable-text xkrh14z\"> Empreendedorismo: Pe\u00e7as com alto valor de mercado, perfeitas para vender ou presentear com exclusividade.<\/span><\/p>\n<p class=\"_aupe copyable-text x15bjb6t x1n2onr6\"><span class=\"_aupe copyable-text xkrh14z\">Desenvolva suas habilidades e crie acess\u00f3rios que encantam \u00e0 primeira vista!<\/span><\/p>\n<p class=\"_aupe copyable-text x15bjb6t x1n2onr6\"><span class=\"_aupe copyable-text xkrh14z\"><strong>Lembre-se:<\/strong> cada produto adquirido em nossa loja estar\u00e1 ajudando a muitas fam\u00edlias que vivem no artesanato do Brasil.<\/span><\/p>\n","protected":false},"featured_media":4654,"comment_status":"open","ping_status":"closed","template":"","meta":{"_monsterinsights_skip_tracking":false,"_monsterinsights_sitenote_active":false,"_monsterinsights_sitenote_note":"","_monsterinsights_sitenote_category":0},"product_brand":[],"product_cat":[169],"product_tag":[371,296,333,260,251,368,370,348,252,258,372,373,328,358,331],"class_list":{"0":"post-4653","1":"product","2":"type-product","3":"status-publish","4":"has-post-thumbnail","6":"product_cat-apostilas","7":"product_tag-apostiladebolsas","8":"product_tag-apostiladigital","9":"product_tag-aprender-artesanato","10":"product_tag-artesa","11":"product_tag-artesanato","12":"product_tag-artesanatonatela","13":"product_tag-bolsa","14":"product_tag-empreendedorismo","15":"product_tag-empreender","16":"product_tag-marketingdigital","17":"product_tag-moda","18":"product_tag-modafeminina","19":"product_tag-passo-a-passo","20":"product_tag-passoaoassocriativo","21":"product_tag-revista-digital","22":"dc_vendor_shop-artesanatoincasa","24":"first","25":"instock","26":"sale","27":"downloadable","28":"virtual","29":"taxable","30":"purchasable","31":"product-type-simple"},"yoast_head":"<!-- This site is optimized with the Yoast SEO plugin v27.4 - https:\/\/yoast.com\/product\/yoast-seo-wordpress\/ -->\n<title>Bolsas in Casa com Rute Prestes - Apostila Digital - Loja Artesanato In Casa<\/title>\n<meta name=\"robots\" content=\"index, follow, max-snippet:-1, max-image-preview:large, max-video-preview:-1\" \/>\n<link rel=\"canonical\" href=\"https:\/\/artesanatoincasa.com.br\/loja\/produto\/apostilas\/bolsas-in-casa-com-rute-prestes-apostila-digital\/\" \/>\n<meta property=\"og:locale\" content=\"pt_BR\" \/>\n<meta property=\"og:type\" content=\"article\" \/>\n<meta property=\"og:title\" content=\"Bolsas in Casa com Rute Prestes - Apostila Digital - Loja Artesanato In Casa\" \/>\n<meta property=\"og:description\" content=\"Bolsas in Casa com Rute Prestes - Apostila Digital Aprenda a criar bolsas de luxo com a t\u00e9cnica Bolsa Grid e transforme fios em verdadeiras obras de arte! Nesta edi\u00e7\u00e3o especial do projeto digital por Rute Prestes, voc\u00ea ter\u00e1 acesso ao passo a passo detalhado para confeccionar duas das pe\u00e7as mais desejadas do momento: a sofisticada Bolsa Nat\u00e1lia, com seu padr\u00e3o geom\u00e9trico marcante, e a elegante Bolsa Rami, que traz uma textura cl\u00e1ssica e atemporal. O que voc\u00ea encontrar\u00e1 nesta apostila: \ud83d\udcf8 Passo a Passo Fotografado: Imagens em alta resolu\u00e7\u00e3o que mostram cada detalhe do processo, garantindo que voc\u00ea aprenda com clareza. \ud83e\uddf6 T\u00e9cnica Exclusiva: Domine a &quot;Bolsa Grid&quot;, uma t\u00e9cnica que une estrutura e design moderno para um acabamento profissional. \ud83d\udcd0 Projetos Completos: Lista de materiais e orienta\u00e7\u00f5es precisas para as duas bolsas (Nat\u00e1lia e Rami). \ud83d\udcbb Praticidade Digital: Estude onde quiser! Acesse pelo celular, tablet ou computador e aprenda direto na tela. \u2728 Empreendedorismo: Pe\u00e7as com alto valor de mercado, perfeitas para vender ou presentear com exclusividade. Desenvolva suas habilidades e crie acess\u00f3rios que encantam \u00e0 primeira vista! Lembre-se: cada produto adquirido em nossa loja estar\u00e1 ajudando a muitas fam\u00edlias que vivem no artesanato do Brasil.\" \/>\n<meta property=\"og:url\" content=\"https:\/\/artesanatoincasa.com.br\/loja\/produto\/apostilas\/bolsas-in-casa-com-rute-prestes-apostila-digital\/\" \/>\n<meta property=\"og:site_name\" content=\"Loja Artesanato In Casa\" \/>\n<meta property=\"article:modified_time\" content=\"2026-05-05T22:35:00+00:00\" \/>\n<meta property=\"og:image\" content=\"https:\/\/artesanatoincasa.com.br\/loja\/wp-content\/uploads\/2026\/05\/Artesanato-In-Casa-com-Rute-Prestes-1-732x1024.jpg\" \/>\n\t<meta property=\"og:image:width\" content=\"732\" \/>\n\t<meta property=\"og:image:height\" content=\"1024\" \/>\n\t<meta property=\"og:image:type\" content=\"image\/jpeg\" \/>\n<script type=\"application\/ld+json\" class=\"yoast-schema-graph\">{\"@context\":\"https:\\\/\\\/schema.org\",\"@graph\":[{\"@type\":\"WebPage\",\"@id\":\"https:\\\/\\\/artesanatoincasa.com.br\\\/loja\\\/produto\\\/apostilas\\\/bolsas-in-casa-com-rute-prestes-apostila-digital\\\/\",\"url\":\"https:\\\/\\\/artesanatoincasa.com.br\\\/loja\\\/produto\\\/apostilas\\\/bolsas-in-casa-com-rute-prestes-apostila-digital\\\/\",\"name\":\"Bolsas in Casa com Rute Prestes - Apostila Digital - Loja Artesanato In Casa\",\"isPartOf\":{\"@id\":\"https:\\\/\\\/artesanatoincasa.com.br\\\/loja\\\/#website\"},\"primaryImageOfPage\":{\"@id\":\"https:\\\/\\\/artesanatoincasa.com.br\\\/loja\\\/produto\\\/apostilas\\\/bolsas-in-casa-com-rute-prestes-apostila-digital\\\/#primaryimage\"},\"image\":{\"@id\":\"https:\\\/\\\/artesanatoincasa.com.br\\\/loja\\\/produto\\\/apostilas\\\/bolsas-in-casa-com-rute-prestes-apostila-digital\\\/#primaryimage\"},\"thumbnailUrl\":\"https:\\\/\\\/artesanatoincasa.com.br\\\/loja\\\/wp-content\\\/uploads\\\/2026\\\/05\\\/Artesanato-In-Casa-com-Rute-Prestes-1.jpg\",\"datePublished\":\"2026-05-05T22:31:09+00:00\",\"dateModified\":\"2026-05-05T22:35:00+00:00\",\"breadcrumb\":{\"@id\":\"https:\\\/\\\/artesanatoincasa.com.br\\\/loja\\\/produto\\\/apostilas\\\/bolsas-in-casa-com-rute-prestes-apostila-digital\\\/#breadcrumb\"},\"inLanguage\":\"pt-BR\",\"potentialAction\":[{\"@type\":\"ReadAction\",\"target\":[\"https:\\\/\\\/artesanatoincasa.com.br\\\/loja\\\/produto\\\/apostilas\\\/bolsas-in-casa-com-rute-prestes-apostila-digital\\\/\"]}]},{\"@type\":\"ImageObject\",\"inLanguage\":\"pt-BR\",\"@id\":\"https:\\\/\\\/artesanatoincasa.com.br\\\/loja\\\/produto\\\/apostilas\\\/bolsas-in-casa-com-rute-prestes-apostila-digital\\\/#primaryimage\",\"url\":\"https:\\\/\\\/artesanatoincasa.com.br\\\/loja\\\/wp-content\\\/uploads\\\/2026\\\/05\\\/Artesanato-In-Casa-com-Rute-Prestes-1.jpg\",\"contentUrl\":\"https:\\\/\\\/artesanatoincasa.com.br\\\/loja\\\/wp-content\\\/uploads\\\/2026\\\/05\\\/Artesanato-In-Casa-com-Rute-Prestes-1.jpg\",\"width\":1564,\"height\":2189},{\"@type\":\"BreadcrumbList\",\"@id\":\"https:\\\/\\\/artesanatoincasa.com.br\\\/loja\\\/produto\\\/apostilas\\\/bolsas-in-casa-com-rute-prestes-apostila-digital\\\/#breadcrumb\",\"itemListElement\":[{\"@type\":\"ListItem\",\"position\":1,\"name\":\"In\u00edcio\",\"item\":\"https:\\\/\\\/artesanatoincasa.com.br\\\/loja\\\/\"},{\"@type\":\"ListItem\",\"position\":2,\"name\":\"Produtos\",\"item\":\"https:\\\/\\\/artesanatoincasa.com.br\\\/loja\\\/loja\\\/\"},{\"@type\":\"ListItem\",\"position\":3,\"name\":\"Bolsas in Casa com Rute Prestes &#8211; Apostila Digital\"}]},{\"@type\":\"WebSite\",\"@id\":\"https:\\\/\\\/artesanatoincasa.com.br\\\/loja\\\/#website\",\"url\":\"https:\\\/\\\/artesanatoincasa.com.br\\\/loja\\\/\",\"name\":\"Loja Artesanato In Casa\",\"description\":\"Marketplace exclusivo para artes\u00e3os!\",\"publisher\":{\"@id\":\"https:\\\/\\\/artesanatoincasa.com.br\\\/loja\\\/#organization\"},\"alternateName\":\"Loja Artesanato In Casa\",\"potentialAction\":[{\"@type\":\"SearchAction\",\"target\":{\"@type\":\"EntryPoint\",\"urlTemplate\":\"https:\\\/\\\/artesanatoincasa.com.br\\\/loja\\\/?s={search_term_string}\"},\"query-input\":{\"@type\":\"PropertyValueSpecification\",\"valueRequired\":true,\"valueName\":\"search_term_string\"}}],\"inLanguage\":\"pt-BR\"},{\"@type\":\"Organization\",\"@id\":\"https:\\\/\\\/artesanatoincasa.com.br\\\/loja\\\/#organization\",\"name\":\"Loja Artesanato In Casa\",\"alternateName\":\"Loja Artesanato In Casa\",\"url\":\"https:\\\/\\\/artesanatoincasa.com.br\\\/loja\\\/\",\"logo\":{\"@type\":\"ImageObject\",\"inLanguage\":\"pt-BR\",\"@id\":\"https:\\\/\\\/artesanatoincasa.com.br\\\/loja\\\/#\\\/schema\\\/logo\\\/image\\\/\",\"url\":\"http:\\\/\\\/artesanatoincasa.com.br\\\/loja\\\/wp-content\\\/uploads\\\/2023\\\/07\\\/Logo-Marketing-Place.png\",\"contentUrl\":\"http:\\\/\\\/artesanatoincasa.com.br\\\/loja\\\/wp-content\\\/uploads\\\/2023\\\/07\\\/Logo-Marketing-Place.png\",\"width\":698,\"height\":390,\"caption\":\"Loja Artesanato In Casa\"},\"image\":{\"@id\":\"https:\\\/\\\/artesanatoincasa.com.br\\\/loja\\\/#\\\/schema\\\/logo\\\/image\\\/\"}}]}<\/script>\n<!-- \/ Yoast SEO plugin. -->","yoast_head_json":{"title":"Bolsas in Casa com Rute Prestes - Apostila Digital - Loja Artesanato In Casa","robots":{"index":"index","follow":"follow","max-snippet":"max-snippet:-1","max-image-preview":"max-image-preview:large","max-video-preview":"max-video-preview:-1"},"canonical":"https:\/\/artesanatoincasa.com.br\/loja\/produto\/apostilas\/bolsas-in-casa-com-rute-prestes-apostila-digital\/","og_locale":"pt_BR","og_type":"article","og_title":"Bolsas in Casa com Rute Prestes - Apostila Digital - Loja Artesanato In Casa","og_description":"Bolsas in Casa com Rute Prestes - Apostila Digital Aprenda a criar bolsas de luxo com a t\u00e9cnica Bolsa Grid e transforme fios em verdadeiras obras de arte! Nesta edi\u00e7\u00e3o especial do projeto digital por Rute Prestes, voc\u00ea ter\u00e1 acesso ao passo a passo detalhado para confeccionar duas das pe\u00e7as mais desejadas do momento: a sofisticada Bolsa Nat\u00e1lia, com seu padr\u00e3o geom\u00e9trico marcante, e a elegante Bolsa Rami, que traz uma textura cl\u00e1ssica e atemporal. O que voc\u00ea encontrar\u00e1 nesta apostila: \ud83d\udcf8 Passo a Passo Fotografado: Imagens em alta resolu\u00e7\u00e3o que mostram cada detalhe do processo, garantindo que voc\u00ea aprenda com clareza. \ud83e\uddf6 T\u00e9cnica Exclusiva: Domine a \"Bolsa Grid\", uma t\u00e9cnica que une estrutura e design moderno para um acabamento profissional. \ud83d\udcd0 Projetos Completos: Lista de materiais e orienta\u00e7\u00f5es precisas para as duas bolsas (Nat\u00e1lia e Rami). \ud83d\udcbb Praticidade Digital: Estude onde quiser! Acesse pelo celular, tablet ou computador e aprenda direto na tela. \u2728 Empreendedorismo: Pe\u00e7as com alto valor de mercado, perfeitas para vender ou presentear com exclusividade. Desenvolva suas habilidades e crie acess\u00f3rios que encantam \u00e0 primeira vista! Lembre-se: cada produto adquirido em nossa loja estar\u00e1 ajudando a muitas fam\u00edlias que vivem no artesanato do Brasil.","og_url":"https:\/\/artesanatoincasa.com.br\/loja\/produto\/apostilas\/bolsas-in-casa-com-rute-prestes-apostila-digital\/","og_site_name":"Loja Artesanato In Casa","article_modified_time":"2026-05-05T22:35:00+00:00","og_image":[{"width":732,"height":1024,"url":"https:\/\/artesanatoincasa.com.br\/loja\/wp-content\/uploads\/2026\/05\/Artesanato-In-Casa-com-Rute-Prestes-1-732x1024.jpg","type":"image\/jpeg"}],"schema":{"@context":"https:\/\/schema.org","@graph":[{"@type":"WebPage","@id":"https:\/\/artesanatoincasa.com.br\/loja\/produto\/apostilas\/bolsas-in-casa-com-rute-prestes-apostila-digital\/","url":"https:\/\/artesanatoincasa.com.br\/loja\/produto\/apostilas\/bolsas-in-casa-com-rute-prestes-apostila-digital\/","name":"Bolsas in Casa com Rute Prestes - Apostila Digital - Loja Artesanato In Casa","isPartOf":{"@id":"https:\/\/artesanatoincasa.com.br\/loja\/#website"},"primaryImageOfPage":{"@id":"https:\/\/artesanatoincasa.com.br\/loja\/produto\/apostilas\/bolsas-in-casa-com-rute-prestes-apostila-digital\/#primaryimage"},"image":{"@id":"https:\/\/artesanatoincasa.com.br\/loja\/produto\/apostilas\/bolsas-in-casa-com-rute-prestes-apostila-digital\/#primaryimage"},"thumbnailUrl":"https:\/\/artesanatoincasa.com.br\/loja\/wp-content\/uploads\/2026\/05\/Artesanato-In-Casa-com-Rute-Prestes-1.jpg","datePublished":"2026-05-05T22:31:09+00:00","dateModified":"2026-05-05T22:35:00+00:00","breadcrumb":{"@id":"https:\/\/artesanatoincasa.com.br\/loja\/produto\/apostilas\/bolsas-in-casa-com-rute-prestes-apostila-digital\/#breadcrumb"},"inLanguage":"pt-BR","potentialAction":[{"@type":"ReadAction","target":["https:\/\/artesanatoincasa.com.br\/loja\/produto\/apostilas\/bolsas-in-casa-com-rute-prestes-apostila-digital\/"]}]},{"@type":"ImageObject","inLanguage":"pt-BR","@id":"https:\/\/artesanatoincasa.com.br\/loja\/produto\/apostilas\/bolsas-in-casa-com-rute-prestes-apostila-digital\/#primaryimage","url":"https:\/\/artesanatoincasa.com.br\/loja\/wp-content\/uploads\/2026\/05\/Artesanato-In-Casa-com-Rute-Prestes-1.jpg","contentUrl":"https:\/\/artesanatoincasa.com.br\/loja\/wp-content\/uploads\/2026\/05\/Artesanato-In-Casa-com-Rute-Prestes-1.jpg","width":1564,"height":2189},{"@type":"BreadcrumbList","@id":"https:\/\/artesanatoincasa.com.br\/loja\/produto\/apostilas\/bolsas-in-casa-com-rute-prestes-apostila-digital\/#breadcrumb","itemListElement":[{"@type":"ListItem","position":1,"name":"In\u00edcio","item":"https:\/\/artesanatoincasa.com.br\/loja\/"},{"@type":"ListItem","position":2,"name":"Produtos","item":"https:\/\/artesanatoincasa.com.br\/loja\/loja\/"},{"@type":"ListItem","position":3,"name":"Bolsas in Casa com Rute Prestes &#8211; Apostila Digital"}]},{"@type":"WebSite","@id":"https:\/\/artesanatoincasa.com.br\/loja\/#website","url":"https:\/\/artesanatoincasa.com.br\/loja\/","name":"Loja Artesanato In Casa","description":"Marketplace exclusivo para artes\u00e3os!","publisher":{"@id":"https:\/\/artesanatoincasa.com.br\/loja\/#organization"},"alternateName":"Loja Artesanato In Casa","potentialAction":[{"@type":"SearchAction","target":{"@type":"EntryPoint","urlTemplate":"https:\/\/artesanatoincasa.com.br\/loja\/?s={search_term_string}"},"query-input":{"@type":"PropertyValueSpecification","valueRequired":true,"valueName":"search_term_string"}}],"inLanguage":"pt-BR"},{"@type":"Organization","@id":"https:\/\/artesanatoincasa.com.br\/loja\/#organization","name":"Loja Artesanato In Casa","alternateName":"Loja Artesanato In Casa","url":"https:\/\/artesanatoincasa.com.br\/loja\/","logo":{"@type":"ImageObject","inLanguage":"pt-BR","@id":"https:\/\/artesanatoincasa.com.br\/loja\/#\/schema\/logo\/image\/","url":"http:\/\/artesanatoincasa.com.br\/loja\/wp-content\/uploads\/2023\/07\/Logo-Marketing-Place.png","contentUrl":"http:\/\/artesanatoincasa.com.br\/loja\/wp-content\/uploads\/2023\/07\/Logo-Marketing-Place.png","width":698,"height":390,"caption":"Loja Artesanato In Casa"},"image":{"@id":"https:\/\/artesanatoincasa.com.br\/loja\/#\/schema\/logo\/image\/"}}]}},"_links":{"self":[{"href":"https:\/\/artesanatoincasa.com.br\/loja\/wp-json\/wp\/v2\/product\/4653","targetHints":{"allow":["GET"]}}],"collection":[{"href":"https:\/\/artesanatoincasa.com.br\/loja\/wp-json\/wp\/v2\/product"}],"about":[{"href":"https:\/\/artesanatoincasa.com.br\/loja\/wp-json\/wp\/v2\/types\/product"}],"replies":[{"embeddable":true,"href":"https:\/\/artesanatoincasa.com.br\/loja\/wp-json\/wp\/v2\/comments?post=4653"}],"wp:featuredmedia":[{"embeddable":true,"href":"https:\/\/artesanatoincasa.com.br\/loja\/wp-json\/wp\/v2\/media\/4654"}],"wp:attachment":[{"href":"https:\/\/artesanatoincasa.com.br\/loja\/wp-json\/wp\/v2\/media?parent=4653"}],"wp:term":[{"taxonomy":"product_brand","embeddable":true,"href":"https:\/\/artesanatoincasa.com.br\/loja\/wp-json\/wp\/v2\/product_brand?post=4653"},{"taxonomy":"product_cat","embeddable":true,"href":"https:\/\/artesanatoincasa.com.br\/loja\/wp-json\/wp\/v2\/product_cat?post=4653"},{"taxonomy":"product_tag","embeddable":true,"href":"https:\/\/artesanatoincasa.com.br\/loja\/wp-json\/wp\/v2\/product_tag?post=4653"}],"curies":[{"name":"wp","href":"https:\/\/api.w.org\/{rel}","templated":true}]}}