{"id":4132,"date":"2025-07-24T20:34:29","date_gmt":"2025-07-24T23:34:29","guid":{"rendered":"https:\/\/artesanatoincasa.com.br\/loja\/?post_type=product&#038;p=4132"},"modified":"2025-07-24T20:34:32","modified_gmt":"2025-07-24T23:34:32","slug":"apostila-digital-colorindo-in-casa-vol-2-tema-artesanato","status":"publish","type":"product","link":"https:\/\/artesanatoincasa.com.br\/loja\/produto\/apostilas\/apostila-digital-colorindo-in-casa-vol-2-tema-artesanato\/","title":{"rendered":"Apostila Digital COLORINDO in Casa Vol. 2 \u2013 Tema Artesanato"},"content":{"rendered":"<p><strong>Apostila Digital COLORINDO in Casa Vol. 2 \u2013 Tema Artesanato<\/strong><\/p>\n<p>Descubra o prazer de colorir com a nossa Apostila Digital \u2022 COLORINDO in Casa Vol. 2!<\/p>\n<p>Mais um produto<strong> EXCLUSIVO Artesanato In Casa.<\/strong><\/p>\n<p><strong>Com mais de 380 itens para pinta<\/strong>r, esta cole\u00e7\u00e3o foi criada para inspirar sua criatividade e proporcionar momentos de relaxamento e divers\u00e3o. Cada p\u00e1gina \u00e9 um convite para explorar o universo do artesanato, com desenhos que refletem a beleza e a riqueza desse mundo art\u00edstico. Prepare-se para dar vida \u00e0s linhas com as cores que mais combinam com voc\u00ea!<\/p>\n<p>Ideal tanto para iniciantes quanto para artistas experientes, nossa apostila oferece uma grande variedade de temas: de flores delicadas a ferramentas de trabalho, passando por pe\u00e7as artesanais \u00fanicas. Al\u00e9m de ser uma atividade terap\u00eautica, o ato de colorir melhora a concentra\u00e7\u00e3o e estimula a imagina\u00e7\u00e3o, permitindo que voc\u00ea experimente combina\u00e7\u00f5es de cores que podem at\u00e9 servir de inspira\u00e7\u00e3o para suas pr\u00f3prias cria\u00e7\u00f5es artesanais.<\/p>\n<p><strong>Use l\u00e1pis de cor, canetinhas ou at\u00e9 aquarela<\/strong> e transforme cada p\u00e1gina em uma verdadeira obra de arte. \u00c9 tamb\u00e9m uma excelente ferramenta para quem quer ensinar ou compartilhar momentos criativos com amigos e fam\u00edlia. Imagine quantas possibilidades podem surgir a partir desses desenhos!<\/p>\n<p>Apostila digital significa conveni\u00eancia! Assim que adquirir, voc\u00ea ter\u00e1 acesso instant\u00e2neo para baixar e imprimir quantas vezes quiser. Use l\u00e1pis de cor, canetas ou at\u00e9 aquarela e transforme cada p\u00e1gina em uma verdadeira obra de arte. \u00c9 tamb\u00e9m uma excelente ferramenta para quem quer ensinar ou compartilhar momentos criativos com amigos e fam\u00edlia. Imagine quantas possibilidades podem surgir a partir desses desenhos!<\/p>\n<p>Garanta j\u00e1 a sua e mergulhe de cabe\u00e7a nesse universo encantador. N\u00e3o perca a oportunidade de adquirir mais do que uma apostila \u2014 leve para casa um verdadeiro portal para a inspira\u00e7\u00e3o e o bem-estar. Mais de 380 figuras esperam por voc\u00ea. O que est\u00e1 esperando para come\u00e7ar a colorir?<\/p>\n<p>E tem mais! Para tornar sua experi\u00eancia ainda melhor, ao adquirir nossa Apostila Digital de Artesanato, voc\u00ea receber\u00e1 um cupom exclusivo de desconto para a compra de canetinhas perfeitas para colorir suas figuras. Aproveite essa oportunidade e deixe suas cria\u00e7\u00f5es ainda mais incr\u00edveis com materiais de alta qualidade!<\/p>\n<p><strong><em>Valor Especial utilizando NOSSO LINK abaixo PARA COMPRAR AS CANETINHAS:<\/em><\/strong><\/p>\n<p><strong>https:\/\/bit.ly\/3Vp5yGU<\/strong><br \/>\n\u2014\u2014\u2014\u2014\u2014\u2014\u2014\u2014-<br \/>\n<strong><em>Lembrando que qualquer material adquirido em nossa loja, voc\u00ea estar\u00e1 ajudando a muitas fam\u00edlias que vivem do artesanato no Brasil.<\/em><\/strong><\/p>\n<p><strong><em>Obrigado e \u00f3timo aprendizado!<\/em><\/strong><br \/>\nUm grande Abra\u00e7o da Equipe Artesanato In Casa<\/p>\n","protected":false},"excerpt":{"rendered":"<p><strong>Apostila Digital COLORINDO in Casa Vol. 2 \u2013 Tema Artesanato<\/strong><\/p>\n<p>Descubra o prazer de colorir com a nossa Apostila Digital \u2022 COLORINDO in Casa Vol. 2!<\/p>\n<p>Mais um produto<strong> EXCLUSIVO Artesanato In Casa.<\/strong><\/p>\n<p><strong>Com mais de 380 itens para pinta<\/strong>r, esta cole\u00e7\u00e3o foi criada para inspirar sua criatividade e proporcionar momentos de relaxamento e divers\u00e3o. Cada p\u00e1gina \u00e9 um convite para explorar o universo do artesanato, com desenhos que refletem a beleza e a riqueza desse mundo art\u00edstico. Prepare-se para dar vida \u00e0s linhas com as cores que mais combinam com voc\u00ea!<\/p>\n<p>Ideal tanto para iniciantes quanto para artistas experientes, nossa apostila oferece uma grande variedade de temas: de flores delicadas a ferramentas de trabalho, passando por pe\u00e7as artesanais \u00fanicas. Al\u00e9m de ser uma atividade terap\u00eautica, o ato de colorir melhora a concentra\u00e7\u00e3o e estimula a imagina\u00e7\u00e3o, permitindo que voc\u00ea experimente combina\u00e7\u00f5es de cores que podem at\u00e9 servir de inspira\u00e7\u00e3o para suas pr\u00f3prias cria\u00e7\u00f5es artesanais.<\/p>\n<p><strong>Use l\u00e1pis de cor, canetinhas ou at\u00e9 aquarela<\/strong> e transforme cada p\u00e1gina em uma verdadeira obra de arte. \u00c9 tamb\u00e9m uma excelente ferramenta para quem quer ensinar ou compartilhar momentos criativos com amigos e fam\u00edlia. Imagine quantas possibilidades podem surgir a partir desses desenhos!<\/p>\n<p>Apostila digital significa conveni\u00eancia! Assim que adquirir, voc\u00ea ter\u00e1 acesso instant\u00e2neo para baixar e imprimir quantas vezes quiser. Use l\u00e1pis de cor, canetas ou at\u00e9 aquarela e transforme cada p\u00e1gina em uma verdadeira obra de arte. \u00c9 tamb\u00e9m uma excelente ferramenta para quem quer ensinar ou compartilhar momentos criativos com amigos e fam\u00edlia. Imagine quantas possibilidades podem surgir a partir desses desenhos!<\/p>\n<p>Garanta j\u00e1 a sua e mergulhe de cabe\u00e7a nesse universo encantador. N\u00e3o perca a oportunidade de adquirir mais do que uma apostila \u2014 leve para casa um verdadeiro portal para a inspira\u00e7\u00e3o e o bem-estar. Mais de 380 figuras esperam por voc\u00ea. O que est\u00e1 esperando para come\u00e7ar a colorir?<\/p>\n<p>E tem mais! Para tornar sua experi\u00eancia ainda melhor, ao adquirir nossa Apostila Digital de Artesanato, voc\u00ea receber\u00e1 um cupom exclusivo de desconto para a compra de canetinhas perfeitas para colorir suas figuras. Aproveite essa oportunidade e deixe suas cria\u00e7\u00f5es ainda mais incr\u00edveis com materiais de alta qualidade!<\/p>\n<p><strong><em>Valor Especial utilizando NOSSO LINK abaixo PARA COMPRAR AS CANETINHAS:<\/em><\/strong><\/p>\n<p><strong>https:\/\/bit.ly\/3Vp5yGU<\/strong><br \/>\n\u2014\u2014\u2014\u2014\u2014\u2014\u2014\u2014-<br \/>\n<strong><em>Lembrando que qualquer material adquirido em nossa loja, voc\u00ea estar\u00e1 ajudando a muitas fam\u00edlias que vivem do artesanato no Brasil.<\/em><\/strong><\/p>\n<p><strong><em>Obrigado e \u00f3timo aprendizado!<\/em><\/strong><br \/>\nUm grande Abra\u00e7o da Equipe Artesanato In Casa<\/p>\n","protected":false},"featured_media":4134,"comment_status":"open","ping_status":"closed","template":"","meta":{"_monsterinsights_skip_tracking":false,"_monsterinsights_sitenote_active":false,"_monsterinsights_sitenote_note":"","_monsterinsights_sitenote_category":0},"product_brand":[],"product_cat":[169],"product_tag":[311,264,334,313,296,333,100,310,336,335,258,329,278],"class_list":{"0":"post-4132","1":"product","2":"type-product","3":"status-publish","4":"has-post-thumbnail","6":"product_cat-apostilas","7":"product_tag-amocolorir","8":"product_tag-apostila","9":"product_tag-apostila-de-artesanato","10":"product_tag-apostiladecolorir","11":"product_tag-apostiladigital","12":"product_tag-aprender-artesanato","13":"product_tag-colorido","14":"product_tag-colorindo","15":"product_tag-edicao-nova","16":"product_tag-lancamento","17":"product_tag-marketingdigital","18":"product_tag-revista-de-artesanato","19":"product_tag-revistadeartesanato","20":"dc_vendor_shop-artesanatoincasa","22":"first","23":"instock","24":"sale","25":"downloadable","26":"virtual","27":"taxable","28":"purchasable","29":"product-type-simple"},"yoast_head":"<!-- This site is optimized with the Yoast SEO plugin v27.4 - https:\/\/yoast.com\/product\/yoast-seo-wordpress\/ -->\n<title>Apostila Digital COLORINDO in Casa Vol. 2 \u2013 Tema Artesanato - Loja Artesanato In Casa<\/title>\n<meta name=\"robots\" content=\"index, follow, max-snippet:-1, max-image-preview:large, max-video-preview:-1\" \/>\n<link rel=\"canonical\" href=\"https:\/\/artesanatoincasa.com.br\/loja\/produto\/sem%20categoria\/apostila-digital-colorindo-in-casa-vol-2-tema-artesanato\/\" \/>\n<meta property=\"og:locale\" content=\"pt_BR\" \/>\n<meta property=\"og:type\" content=\"article\" \/>\n<meta property=\"og:title\" content=\"Apostila Digital COLORINDO in Casa Vol. 2 \u2013 Tema Artesanato - Loja Artesanato In Casa\" \/>\n<meta property=\"og:description\" content=\"Apostila Digital COLORINDO in Casa Vol. 2 \u2013 Tema Artesanato  Descubra o prazer de colorir com a nossa Apostila Digital \u2022 COLORINDO in Casa Vol. 2!  Mais um produto EXCLUSIVO Artesanato In Casa.  Com mais de 380 itens para pintar, esta cole\u00e7\u00e3o foi criada para inspirar sua criatividade e proporcionar momentos de relaxamento e divers\u00e3o. Cada p\u00e1gina \u00e9 um convite para explorar o universo do artesanato, com desenhos que refletem a beleza e a riqueza desse mundo art\u00edstico. Prepare-se para dar vida \u00e0s linhas com as cores que mais combinam com voc\u00ea!  Ideal tanto para iniciantes quanto para artistas experientes, nossa apostila oferece uma grande variedade de temas: de flores delicadas a ferramentas de trabalho, passando por pe\u00e7as artesanais \u00fanicas. Al\u00e9m de ser uma atividade terap\u00eautica, o ato de colorir melhora a concentra\u00e7\u00e3o e estimula a imagina\u00e7\u00e3o, permitindo que voc\u00ea experimente combina\u00e7\u00f5es de cores que podem at\u00e9 servir de inspira\u00e7\u00e3o para suas pr\u00f3prias cria\u00e7\u00f5es artesanais.  Use l\u00e1pis de cor, canetinhas ou at\u00e9 aquarela e transforme cada p\u00e1gina em uma verdadeira obra de arte. \u00c9 tamb\u00e9m uma excelente ferramenta para quem quer ensinar ou compartilhar momentos criativos com amigos e fam\u00edlia. Imagine quantas possibilidades podem surgir a partir desses desenhos!  Apostila digital significa conveni\u00eancia! Assim que adquirir, voc\u00ea ter\u00e1 acesso instant\u00e2neo para baixar e imprimir quantas vezes quiser. Use l\u00e1pis de cor, canetas ou at\u00e9 aquarela e transforme cada p\u00e1gina em uma verdadeira obra de arte. \u00c9 tamb\u00e9m uma excelente ferramenta para quem quer ensinar ou compartilhar momentos criativos com amigos e fam\u00edlia. Imagine quantas possibilidades podem surgir a partir desses desenhos!  Garanta j\u00e1 a sua e mergulhe de cabe\u00e7a nesse universo encantador. N\u00e3o perca a oportunidade de adquirir mais do que uma apostila \u2014 leve para casa um verdadeiro portal para a inspira\u00e7\u00e3o e o bem-estar. Mais de 380 figuras esperam por voc\u00ea. O que est\u00e1 esperando para come\u00e7ar a colorir?  E tem mais! Para tornar sua experi\u00eancia ainda melhor, ao adquirir nossa Apostila Digital de Artesanato, voc\u00ea receber\u00e1 um cupom exclusivo de desconto para a compra de canetinhas perfeitas para colorir suas figuras. Aproveite essa oportunidade e deixe suas cria\u00e7\u00f5es ainda mais incr\u00edveis com materiais de alta qualidade!  Valor Especial utilizando NOSSO LINK abaixo PARA COMPRAR AS CANETINHAS:  https:\/\/bit.ly\/3Vp5yGU \u2014\u2014\u2014\u2014\u2014\u2014\u2014\u2014- Lembrando que qualquer material adquirido em nossa loja, voc\u00ea estar\u00e1 ajudando a muitas fam\u00edlias que vivem do artesanato no Brasil.  Obrigado e \u00f3timo aprendizado! Um grande Abra\u00e7o da Equipe Artesanato In Casa\" \/>\n<meta property=\"og:url\" content=\"https:\/\/artesanatoincasa.com.br\/loja\/produto\/sem categoria\/apostila-digital-colorindo-in-casa-vol-2-tema-artesanato\/\" \/>\n<meta property=\"og:site_name\" content=\"Loja Artesanato In Casa\" \/>\n<meta property=\"article:modified_time\" content=\"2025-07-24T23:34:32+00:00\" \/>\n<meta property=\"og:image\" content=\"https:\/\/artesanatoincasa.com.br\/loja\/wp-content\/uploads\/2024\/03\/Logo-Marketing-Place_ArtesanatoIN-CASA_LOJA_v2_PNG.png\" \/>\n\t<meta property=\"og:image:width\" content=\"1719\" \/>\n\t<meta property=\"og:image:height\" content=\"961\" \/>\n\t<meta property=\"og:image:type\" content=\"image\/png\" \/>\n<script type=\"application\/ld+json\" class=\"yoast-schema-graph\">{\"@context\":\"https:\\\/\\\/schema.org\",\"@graph\":[{\"@type\":\"WebPage\",\"@id\":\"https:\\\/\\\/artesanatoincasa.com.br\\\/loja\\\/produto\\\/sem categoria\\\/apostila-digital-colorindo-in-casa-vol-2-tema-artesanato\\\/\",\"url\":\"https:\\\/\\\/artesanatoincasa.com.br\\\/loja\\\/produto\\\/sem categoria\\\/apostila-digital-colorindo-in-casa-vol-2-tema-artesanato\\\/\",\"name\":\"Apostila Digital COLORINDO in Casa Vol. 2 \u2013 Tema Artesanato - Loja Artesanato In Casa\",\"isPartOf\":{\"@id\":\"https:\\\/\\\/artesanatoincasa.com.br\\\/loja\\\/#website\"},\"primaryImageOfPage\":{\"@id\":\"https:\\\/\\\/artesanatoincasa.com.br\\\/loja\\\/produto\\\/sem categoria\\\/apostila-digital-colorindo-in-casa-vol-2-tema-artesanato\\\/#primaryimage\"},\"image\":{\"@id\":\"https:\\\/\\\/artesanatoincasa.com.br\\\/loja\\\/produto\\\/sem categoria\\\/apostila-digital-colorindo-in-casa-vol-2-tema-artesanato\\\/#primaryimage\"},\"thumbnailUrl\":\"https:\\\/\\\/artesanatoincasa.com.br\\\/loja\\\/wp-content\\\/uploads\\\/2025\\\/07\\\/Apostila-ColorindoinCasa_Chegou__Vol2-1.jpg\",\"datePublished\":\"2025-07-24T23:34:29+00:00\",\"dateModified\":\"2025-07-24T23:34:32+00:00\",\"breadcrumb\":{\"@id\":\"https:\\\/\\\/artesanatoincasa.com.br\\\/loja\\\/produto\\\/sem categoria\\\/apostila-digital-colorindo-in-casa-vol-2-tema-artesanato\\\/#breadcrumb\"},\"inLanguage\":\"pt-BR\",\"potentialAction\":[{\"@type\":\"ReadAction\",\"target\":[\"https:\\\/\\\/artesanatoincasa.com.br\\\/loja\\\/produto\\\/sem categoria\\\/apostila-digital-colorindo-in-casa-vol-2-tema-artesanato\\\/\"]}]},{\"@type\":\"ImageObject\",\"inLanguage\":\"pt-BR\",\"@id\":\"https:\\\/\\\/artesanatoincasa.com.br\\\/loja\\\/produto\\\/sem categoria\\\/apostila-digital-colorindo-in-casa-vol-2-tema-artesanato\\\/#primaryimage\",\"url\":\"https:\\\/\\\/artesanatoincasa.com.br\\\/loja\\\/wp-content\\\/uploads\\\/2025\\\/07\\\/Apostila-ColorindoinCasa_Chegou__Vol2-1.jpg\",\"contentUrl\":\"https:\\\/\\\/artesanatoincasa.com.br\\\/loja\\\/wp-content\\\/uploads\\\/2025\\\/07\\\/Apostila-ColorindoinCasa_Chegou__Vol2-1.jpg\",\"width\":1337,\"height\":1344},{\"@type\":\"BreadcrumbList\",\"@id\":\"https:\\\/\\\/artesanatoincasa.com.br\\\/loja\\\/produto\\\/sem categoria\\\/apostila-digital-colorindo-in-casa-vol-2-tema-artesanato\\\/#breadcrumb\",\"itemListElement\":[{\"@type\":\"ListItem\",\"position\":1,\"name\":\"In\u00edcio\",\"item\":\"https:\\\/\\\/artesanatoincasa.com.br\\\/loja\\\/\"},{\"@type\":\"ListItem\",\"position\":2,\"name\":\"Produtos\",\"item\":\"https:\\\/\\\/artesanatoincasa.com.br\\\/loja\\\/loja\\\/\"},{\"@type\":\"ListItem\",\"position\":3,\"name\":\"Apostila Digital COLORINDO in Casa Vol. 2 \u2013 Tema Artesanato\"}]},{\"@type\":\"WebSite\",\"@id\":\"https:\\\/\\\/artesanatoincasa.com.br\\\/loja\\\/#website\",\"url\":\"https:\\\/\\\/artesanatoincasa.com.br\\\/loja\\\/\",\"name\":\"Loja Artesanato In Casa\",\"description\":\"Marketplace exclusivo para artes\u00e3os!\",\"publisher\":{\"@id\":\"https:\\\/\\\/artesanatoincasa.com.br\\\/loja\\\/#organization\"},\"alternateName\":\"Loja Artesanato In Casa\",\"potentialAction\":[{\"@type\":\"SearchAction\",\"target\":{\"@type\":\"EntryPoint\",\"urlTemplate\":\"https:\\\/\\\/artesanatoincasa.com.br\\\/loja\\\/?s={search_term_string}\"},\"query-input\":{\"@type\":\"PropertyValueSpecification\",\"valueRequired\":true,\"valueName\":\"search_term_string\"}}],\"inLanguage\":\"pt-BR\"},{\"@type\":\"Organization\",\"@id\":\"https:\\\/\\\/artesanatoincasa.com.br\\\/loja\\\/#organization\",\"name\":\"Loja Artesanato In Casa\",\"alternateName\":\"Loja Artesanato In Casa\",\"url\":\"https:\\\/\\\/artesanatoincasa.com.br\\\/loja\\\/\",\"logo\":{\"@type\":\"ImageObject\",\"inLanguage\":\"pt-BR\",\"@id\":\"https:\\\/\\\/artesanatoincasa.com.br\\\/loja\\\/#\\\/schema\\\/logo\\\/image\\\/\",\"url\":\"http:\\\/\\\/artesanatoincasa.com.br\\\/loja\\\/wp-content\\\/uploads\\\/2023\\\/07\\\/Logo-Marketing-Place.png\",\"contentUrl\":\"http:\\\/\\\/artesanatoincasa.com.br\\\/loja\\\/wp-content\\\/uploads\\\/2023\\\/07\\\/Logo-Marketing-Place.png\",\"width\":698,\"height\":390,\"caption\":\"Loja Artesanato In Casa\"},\"image\":{\"@id\":\"https:\\\/\\\/artesanatoincasa.com.br\\\/loja\\\/#\\\/schema\\\/logo\\\/image\\\/\"}}]}<\/script>\n<!-- \/ Yoast SEO plugin. -->","yoast_head_json":{"title":"Apostila Digital COLORINDO in Casa Vol. 2 \u2013 Tema Artesanato - Loja Artesanato In Casa","robots":{"index":"index","follow":"follow","max-snippet":"max-snippet:-1","max-image-preview":"max-image-preview:large","max-video-preview":"max-video-preview:-1"},"canonical":"https:\/\/artesanatoincasa.com.br\/loja\/produto\/sem categoria\/apostila-digital-colorindo-in-casa-vol-2-tema-artesanato\/","og_locale":"pt_BR","og_type":"article","og_title":"Apostila Digital COLORINDO in Casa Vol. 2 \u2013 Tema Artesanato - Loja Artesanato In Casa","og_description":"Apostila Digital COLORINDO in Casa Vol. 2 \u2013 Tema Artesanato  Descubra o prazer de colorir com a nossa Apostila Digital \u2022 COLORINDO in Casa Vol. 2!  Mais um produto EXCLUSIVO Artesanato In Casa.  Com mais de 380 itens para pintar, esta cole\u00e7\u00e3o foi criada para inspirar sua criatividade e proporcionar momentos de relaxamento e divers\u00e3o. Cada p\u00e1gina \u00e9 um convite para explorar o universo do artesanato, com desenhos que refletem a beleza e a riqueza desse mundo art\u00edstico. Prepare-se para dar vida \u00e0s linhas com as cores que mais combinam com voc\u00ea!  Ideal tanto para iniciantes quanto para artistas experientes, nossa apostila oferece uma grande variedade de temas: de flores delicadas a ferramentas de trabalho, passando por pe\u00e7as artesanais \u00fanicas. Al\u00e9m de ser uma atividade terap\u00eautica, o ato de colorir melhora a concentra\u00e7\u00e3o e estimula a imagina\u00e7\u00e3o, permitindo que voc\u00ea experimente combina\u00e7\u00f5es de cores que podem at\u00e9 servir de inspira\u00e7\u00e3o para suas pr\u00f3prias cria\u00e7\u00f5es artesanais.  Use l\u00e1pis de cor, canetinhas ou at\u00e9 aquarela e transforme cada p\u00e1gina em uma verdadeira obra de arte. \u00c9 tamb\u00e9m uma excelente ferramenta para quem quer ensinar ou compartilhar momentos criativos com amigos e fam\u00edlia. Imagine quantas possibilidades podem surgir a partir desses desenhos!  Apostila digital significa conveni\u00eancia! Assim que adquirir, voc\u00ea ter\u00e1 acesso instant\u00e2neo para baixar e imprimir quantas vezes quiser. Use l\u00e1pis de cor, canetas ou at\u00e9 aquarela e transforme cada p\u00e1gina em uma verdadeira obra de arte. \u00c9 tamb\u00e9m uma excelente ferramenta para quem quer ensinar ou compartilhar momentos criativos com amigos e fam\u00edlia. Imagine quantas possibilidades podem surgir a partir desses desenhos!  Garanta j\u00e1 a sua e mergulhe de cabe\u00e7a nesse universo encantador. N\u00e3o perca a oportunidade de adquirir mais do que uma apostila \u2014 leve para casa um verdadeiro portal para a inspira\u00e7\u00e3o e o bem-estar. Mais de 380 figuras esperam por voc\u00ea. O que est\u00e1 esperando para come\u00e7ar a colorir?  E tem mais! Para tornar sua experi\u00eancia ainda melhor, ao adquirir nossa Apostila Digital de Artesanato, voc\u00ea receber\u00e1 um cupom exclusivo de desconto para a compra de canetinhas perfeitas para colorir suas figuras. Aproveite essa oportunidade e deixe suas cria\u00e7\u00f5es ainda mais incr\u00edveis com materiais de alta qualidade!  Valor Especial utilizando NOSSO LINK abaixo PARA COMPRAR AS CANETINHAS:  https:\/\/bit.ly\/3Vp5yGU \u2014\u2014\u2014\u2014\u2014\u2014\u2014\u2014- Lembrando que qualquer material adquirido em nossa loja, voc\u00ea estar\u00e1 ajudando a muitas fam\u00edlias que vivem do artesanato no Brasil.  Obrigado e \u00f3timo aprendizado! Um grande Abra\u00e7o da Equipe Artesanato In Casa","og_url":"https:\/\/artesanatoincasa.com.br\/loja\/produto\/sem categoria\/apostila-digital-colorindo-in-casa-vol-2-tema-artesanato\/","og_site_name":"Loja Artesanato In Casa","article_modified_time":"2025-07-24T23:34:32+00:00","og_image":[{"width":1719,"height":961,"url":"https:\/\/artesanatoincasa.com.br\/loja\/wp-content\/uploads\/2024\/03\/Logo-Marketing-Place_ArtesanatoIN-CASA_LOJA_v2_PNG.png","type":"image\/png"}],"schema":{"@context":"https:\/\/schema.org","@graph":[{"@type":"WebPage","@id":"https:\/\/artesanatoincasa.com.br\/loja\/produto\/sem categoria\/apostila-digital-colorindo-in-casa-vol-2-tema-artesanato\/","url":"https:\/\/artesanatoincasa.com.br\/loja\/produto\/sem categoria\/apostila-digital-colorindo-in-casa-vol-2-tema-artesanato\/","name":"Apostila Digital COLORINDO in Casa Vol. 2 \u2013 Tema Artesanato - Loja Artesanato In Casa","isPartOf":{"@id":"https:\/\/artesanatoincasa.com.br\/loja\/#website"},"primaryImageOfPage":{"@id":"https:\/\/artesanatoincasa.com.br\/loja\/produto\/sem categoria\/apostila-digital-colorindo-in-casa-vol-2-tema-artesanato\/#primaryimage"},"image":{"@id":"https:\/\/artesanatoincasa.com.br\/loja\/produto\/sem categoria\/apostila-digital-colorindo-in-casa-vol-2-tema-artesanato\/#primaryimage"},"thumbnailUrl":"https:\/\/artesanatoincasa.com.br\/loja\/wp-content\/uploads\/2025\/07\/Apostila-ColorindoinCasa_Chegou__Vol2-1.jpg","datePublished":"2025-07-24T23:34:29+00:00","dateModified":"2025-07-24T23:34:32+00:00","breadcrumb":{"@id":"https:\/\/artesanatoincasa.com.br\/loja\/produto\/sem categoria\/apostila-digital-colorindo-in-casa-vol-2-tema-artesanato\/#breadcrumb"},"inLanguage":"pt-BR","potentialAction":[{"@type":"ReadAction","target":["https:\/\/artesanatoincasa.com.br\/loja\/produto\/sem categoria\/apostila-digital-colorindo-in-casa-vol-2-tema-artesanato\/"]}]},{"@type":"ImageObject","inLanguage":"pt-BR","@id":"https:\/\/artesanatoincasa.com.br\/loja\/produto\/sem categoria\/apostila-digital-colorindo-in-casa-vol-2-tema-artesanato\/#primaryimage","url":"https:\/\/artesanatoincasa.com.br\/loja\/wp-content\/uploads\/2025\/07\/Apostila-ColorindoinCasa_Chegou__Vol2-1.jpg","contentUrl":"https:\/\/artesanatoincasa.com.br\/loja\/wp-content\/uploads\/2025\/07\/Apostila-ColorindoinCasa_Chegou__Vol2-1.jpg","width":1337,"height":1344},{"@type":"BreadcrumbList","@id":"https:\/\/artesanatoincasa.com.br\/loja\/produto\/sem categoria\/apostila-digital-colorindo-in-casa-vol-2-tema-artesanato\/#breadcrumb","itemListElement":[{"@type":"ListItem","position":1,"name":"In\u00edcio","item":"https:\/\/artesanatoincasa.com.br\/loja\/"},{"@type":"ListItem","position":2,"name":"Produtos","item":"https:\/\/artesanatoincasa.com.br\/loja\/loja\/"},{"@type":"ListItem","position":3,"name":"Apostila Digital COLORINDO in Casa Vol. 2 \u2013 Tema Artesanato"}]},{"@type":"WebSite","@id":"https:\/\/artesanatoincasa.com.br\/loja\/#website","url":"https:\/\/artesanatoincasa.com.br\/loja\/","name":"Loja Artesanato In Casa","description":"Marketplace exclusivo para artes\u00e3os!","publisher":{"@id":"https:\/\/artesanatoincasa.com.br\/loja\/#organization"},"alternateName":"Loja Artesanato In Casa","potentialAction":[{"@type":"SearchAction","target":{"@type":"EntryPoint","urlTemplate":"https:\/\/artesanatoincasa.com.br\/loja\/?s={search_term_string}"},"query-input":{"@type":"PropertyValueSpecification","valueRequired":true,"valueName":"search_term_string"}}],"inLanguage":"pt-BR"},{"@type":"Organization","@id":"https:\/\/artesanatoincasa.com.br\/loja\/#organization","name":"Loja Artesanato In Casa","alternateName":"Loja Artesanato In Casa","url":"https:\/\/artesanatoincasa.com.br\/loja\/","logo":{"@type":"ImageObject","inLanguage":"pt-BR","@id":"https:\/\/artesanatoincasa.com.br\/loja\/#\/schema\/logo\/image\/","url":"http:\/\/artesanatoincasa.com.br\/loja\/wp-content\/uploads\/2023\/07\/Logo-Marketing-Place.png","contentUrl":"http:\/\/artesanatoincasa.com.br\/loja\/wp-content\/uploads\/2023\/07\/Logo-Marketing-Place.png","width":698,"height":390,"caption":"Loja Artesanato In Casa"},"image":{"@id":"https:\/\/artesanatoincasa.com.br\/loja\/#\/schema\/logo\/image\/"}}]}},"_links":{"self":[{"href":"https:\/\/artesanatoincasa.com.br\/loja\/wp-json\/wp\/v2\/product\/4132","targetHints":{"allow":["GET"]}}],"collection":[{"href":"https:\/\/artesanatoincasa.com.br\/loja\/wp-json\/wp\/v2\/product"}],"about":[{"href":"https:\/\/artesanatoincasa.com.br\/loja\/wp-json\/wp\/v2\/types\/product"}],"replies":[{"embeddable":true,"href":"https:\/\/artesanatoincasa.com.br\/loja\/wp-json\/wp\/v2\/comments?post=4132"}],"wp:featuredmedia":[{"embeddable":true,"href":"https:\/\/artesanatoincasa.com.br\/loja\/wp-json\/wp\/v2\/media\/4134"}],"wp:attachment":[{"href":"https:\/\/artesanatoincasa.com.br\/loja\/wp-json\/wp\/v2\/media?parent=4132"}],"wp:term":[{"taxonomy":"product_brand","embeddable":true,"href":"https:\/\/artesanatoincasa.com.br\/loja\/wp-json\/wp\/v2\/product_brand?post=4132"},{"taxonomy":"product_cat","embeddable":true,"href":"https:\/\/artesanatoincasa.com.br\/loja\/wp-json\/wp\/v2\/product_cat?post=4132"},{"taxonomy":"product_tag","embeddable":true,"href":"https:\/\/artesanatoincasa.com.br\/loja\/wp-json\/wp\/v2\/product_tag?post=4132"}],"curies":[{"name":"wp","href":"https:\/\/api.w.org\/{rel}","templated":true}]}}