{"id":3725,"date":"2025-02-20T18:12:12","date_gmt":"2025-02-20T21:12:12","guid":{"rendered":"https:\/\/artesanatoincasa.com.br\/loja\/?post_type=product&#038;p=3725"},"modified":"2026-04-20T17:34:15","modified_gmt":"2026-04-20T20:34:15","slug":"revista-artesanato-in-casa-ed-19-versao-digital","status":"publish","type":"product","link":"https:\/\/artesanatoincasa.com.br\/loja\/produto\/revistas-e-apostilas\/revista-artesanato-in-casa-ed-19-versao-digital\/","title":{"rendered":"Revista Artesanato In Casa Ed. 19 \u2013 VERS\u00c3O DIGITAL"},"content":{"rendered":"<p><strong>VERS\u00c3O DIGITAL + BRINDE (E-book: Marketing Digital para Artes\u00e3os)<\/strong><\/p>\n<p>Muito artesanato de qualidade em nossa Revista Artesanato In Casa Edi\u00e7\u00e3o 19<\/p>\n<p><strong>Nesta edi\u00e7\u00e3o voc\u00ea ir\u00e1 encontrar:<\/strong><\/p>\n<p><em>PASSO A PASSOS COMPLETOS<\/em> para voc\u00ea APRENDER e LUCRAR, fazer como HOBBY ou como TERAPIA:<\/p>\n<p>\u2022 <strong>Costura Criativa <\/strong>com Mi Ledi | <strong>Pe\u00e7a:<\/strong> POTE DE COELHO;<\/p>\n<p>\u2022 <strong>Arte em Croch\u00ea <\/strong>com Gisele Pereira | <strong>Pe\u00e7a:<\/strong> BARRADO P\u00c1SCOA (Pano de Copa);<\/p>\n<p>\u2022 <strong>Costura Criativa <\/strong>com Al\u00e1dia Ruiz | <strong>Pe\u00e7a:<\/strong> BOLSA DE PRAIA BICOLOR;<\/p>\n<p>\u2022 <strong>DIY\/Reciclagem <\/strong>com Tati Nascimento | <strong>Pe\u00e7a:<\/strong> PORTA-CELULAR DE MESA<\/p>\n<p><strong>APRENDA A FAZER TAMB\u00c9M&#8230;<\/strong><\/p>\n<p>\u2022<strong> Pintura em Tecido em Pano de Copa<\/strong> com Patricia Santos<\/p>\n<p>\u2022 <strong>Ponta de Caneta POPOM<\/strong> com Cris C\u00e2mara<\/p>\n<p><strong>E MAIS:<\/strong><\/p>\n<p>\u2022 <strong>Sess\u00e3o Peter Paiva:<\/strong> O DE SEMPRE COM CARA NOVA &#8211; Inovar dentro do seu nicho \u00e9 preciso!<br \/>\n\u2022 <strong>A arte da fotografia de produto:<\/strong> Dicas essenciais para artes\u00e3os empreendedores Por Bia Hertzing;<br \/>\n\u2022 <strong>Hist\u00f3ria de Sucesso<\/strong> com Willian Ortiz: O MENINO COSTUREIRO que esta conquistando o Brasil!<br \/>\n\u2022 <strong>Temos + de 225 trabalhos de artes\u00e3os de todo o Brasil<\/strong>, para se INSPIRAR.<\/p>\n<p>Al\u00e9m de: Moldes e Riscos em Tamanho Real para baixar; Artigo: A identidade visual que transforma seu artesanato em uma marca de valor por Bete Monta e Faiga Silveira &#8211; Canal Craft \u2022 Ca\u00e7a-palavras \u2022 Artigo: 5 Estrat\u00e9gias importantes, para vender mais em feiras de artesanato\u2022 Dicas de customiza\u00e7\u00e3o de vestido por Daniel Monteiro \u2022 Muitos artes\u00e3os de diversas t\u00e9cnicas \u2022 V\u00e1rias empresas com descontos especiais para os leitores da revista.<\/p>\n<p><strong>APROVEITE!<\/strong><\/p>\n<p>&#8212;&#8212;&#8212;&#8212;&#8212;&#8212;&#8212;&#8212;&#8212;-<\/p>\n<p>Lembrando que qualquer material adquirido em nossa loja, voc\u00ea estar\u00e1 ajudando a muitas fam\u00edlias que vivem do artesanato no Brasil.<\/p>\n<p>Obrigado e \u00f3timo aprendizado!<br \/>\nUm grande Abra\u00e7o da Equipe Artesanato In Casa<\/p>\n","protected":false},"excerpt":{"rendered":"<p><strong>VERS\u00c3O DIGITAL + BRINDE (E-book: Marketing Digital para Artes\u00e3os)<\/strong><\/p>\n<p>Muito artesanato de qualidade em nossa Revista Artesanato In Casa Edi\u00e7\u00e3o 19<\/p>\n<p><strong>Nesta edi\u00e7\u00e3o voc\u00ea ir\u00e1 encontrar:<\/strong><\/p>\n<p><em>PASSO A PASSOS COMPLETOS<\/em> para voc\u00ea APRENDER e LUCRAR, fazer como HOBBY ou como TERAPIA:<\/p>\n<p>\u2022 <strong>Costura Criativa <\/strong>com Mi Ledi | <strong>Pe\u00e7a:<\/strong> POTE DE COELHO;<\/p>\n<p>\u2022 <strong>Arte em Croch\u00ea <\/strong>com Gisele Pereira | <strong>Pe\u00e7a:<\/strong> BARRADO P\u00c1SCOA (Pano de Copa);<\/p>\n<p>\u2022 <strong>Costura Criativa <\/strong>com Al\u00e1dia Ruiz | <strong>Pe\u00e7a:<\/strong> BOLSA DE PRAIA BICOLOR;<\/p>\n<p>\u2022 <strong>DIY\/Reciclagem <\/strong>com Tati Nascimento | <strong>Pe\u00e7a:<\/strong> PORTA-CELULAR DE MESA<\/p>\n<p><strong>APRENDA A FAZER TAMB\u00c9M&#8230;<\/strong><\/p>\n<p>\u2022<strong> Pintura em Tecido em Pano de Copa<\/strong> com Patricia Santos<\/p>\n<p>\u2022 <strong>Ponta de Caneta POPOM<\/strong> com Cris C\u00e2mara<\/p>\n<p><strong>E MAIS:<\/strong><\/p>\n<p>\u2022 <strong>Sess\u00e3o Peter Paiva:<\/strong> O DE SEMPRE COM CARA NOVA &#8211; Inovar dentro do seu nicho \u00e9 preciso!<br \/>\n\u2022 <strong>A arte da fotografia de produto:<\/strong> Dicas essenciais para artes\u00e3os empreendedores Por Bia Hertzing;<br \/>\n\u2022 <strong>Hist\u00f3ria de Sucesso<\/strong> com Willian Ortiz: O MENINO COSTUREIRO que esta conquistando o Brasil!<br \/>\n\u2022 <strong>Temos + de 225 trabalhos de artes\u00e3os de todo o Brasil<\/strong>, para se INSPIRAR.<\/p>\n<p>Al\u00e9m de: Moldes e Riscos em Tamanho Real para baixar; Artigo: A identidade visual que transforma seu artesanato em uma marca de valor por Bete Monta e Faiga Silveira &#8211; Canal Craft \u2022 Ca\u00e7a-palavras \u2022 Artigo: 5 Estrat\u00e9gias importantes, para vender mais em feiras de artesanato\u2022 Dicas de customiza\u00e7\u00e3o de vestido por Daniel Monteiro \u2022 Muitos artes\u00e3os de diversas t\u00e9cnicas \u2022 V\u00e1rias empresas com descontos especiais para os leitores da revista.<\/p>\n<p><strong>APROVEITE!<\/strong><\/p>\n<p>&#8212;&#8212;&#8212;&#8212;&#8212;&#8212;&#8212;&#8212;&#8212;-<\/p>\n<p>Lembrando que qualquer material adquirido em nossa loja, voc\u00ea estar\u00e1 ajudando a muitas fam\u00edlias que vivem do artesanato no Brasil.<\/p>\n<p>Obrigado e \u00f3timo aprendizado!<br \/>\nUm grande Abra\u00e7o da Equipe Artesanato In Casa<\/p>\n","protected":false},"featured_media":3726,"comment_status":"open","ping_status":"closed","template":"","meta":{"_monsterinsights_skip_tracking":false,"_monsterinsights_sitenote_active":false,"_monsterinsights_sitenote_note":"","_monsterinsights_sitenote_category":0},"product_brand":[],"product_cat":[168,165],"product_tag":[334,333,251,259,336,335,328,329,331,330],"class_list":{"0":"post-3725","1":"product","2":"type-product","3":"status-publish","4":"has-post-thumbnail","6":"product_cat-revistas","7":"product_cat-revistas-e-apostilas","8":"product_tag-apostila-de-artesanato","9":"product_tag-aprender-artesanato","10":"product_tag-artesanato","11":"product_tag-artesao","12":"product_tag-edicao-nova","13":"product_tag-lancamento","14":"product_tag-passo-a-passo","15":"product_tag-revista-de-artesanato","16":"product_tag-revista-digital","17":"product_tag-revista-impressa","19":"first","20":"instock","21":"sale","22":"featured","23":"downloadable","24":"virtual","25":"taxable","26":"purchasable","27":"product-type-simple"},"yoast_head":"<!-- This site is optimized with the Yoast SEO plugin v27.4 - https:\/\/yoast.com\/product\/yoast-seo-wordpress\/ -->\n<title>Revista Artesanato In Casa Ed. 19 \u2013 VERS\u00c3O DIGITAL - Loja Artesanato In Casa<\/title>\n<meta name=\"robots\" content=\"index, follow, max-snippet:-1, max-image-preview:large, max-video-preview:-1\" \/>\n<link rel=\"canonical\" href=\"https:\/\/artesanatoincasa.com.br\/loja\/produto\/revistas-e-apostilas\/revista-artesanato-in-casa-ed-19-versao-digital\/\" \/>\n<meta property=\"og:locale\" content=\"pt_BR\" \/>\n<meta property=\"og:type\" content=\"article\" \/>\n<meta property=\"og:title\" content=\"Revista Artesanato In Casa Ed. 19 \u2013 VERS\u00c3O DIGITAL - Loja Artesanato In Casa\" \/>\n<meta property=\"og:description\" content=\"VERS\u00c3O DIGITAL + BRINDE (E-book: Marketing Digital para Artes\u00e3os)  Muito artesanato de qualidade em nossa Revista Artesanato In Casa Edi\u00e7\u00e3o 19  Nesta edi\u00e7\u00e3o voc\u00ea ir\u00e1 encontrar:  PASSO A PASSOS COMPLETOS para voc\u00ea APRENDER e LUCRAR, fazer como HOBBY ou como TERAPIA:  \u2022 Costura Criativa com Mi Ledi | Pe\u00e7a: POTE DE COELHO;  \u2022 Arte em Croch\u00ea com Gisele Pereira | Pe\u00e7a: BARRADO P\u00c1SCOA (Pano de Copa);  \u2022 Costura Criativa com Al\u00e1dia Ruiz | Pe\u00e7a: BOLSA DE PRAIA BICOLOR;  \u2022 DIY\/Reciclagem com Tati Nascimento | Pe\u00e7a: PORTA-CELULAR DE MESA  APRENDA A FAZER TAMB\u00c9M...  \u2022 Pintura em Tecido em Pano de Copa com Patricia Santos  \u2022 Ponta de Caneta POPOM com Cris C\u00e2mara  E MAIS:  \u2022 Sess\u00e3o Peter Paiva: O DE SEMPRE COM CARA NOVA - Inovar dentro do seu nicho \u00e9 preciso! \u2022 A arte da fotografia de produto: Dicas essenciais para artes\u00e3os empreendedores Por Bia Hertzing; \u2022 Hist\u00f3ria de Sucesso com Willian Ortiz: O MENINO COSTUREIRO que esta conquistando o Brasil! \u2022 Temos + de 225 trabalhos de artes\u00e3os de todo o Brasil, para se INSPIRAR.  Al\u00e9m de: Moldes e Riscos em Tamanho Real para baixar; Artigo: A identidade visual que transforma seu artesanato em uma marca de valor por Bete Monta e Faiga Silveira - Canal Craft \u2022 Ca\u00e7a-palavras \u2022 Artigo: 5 Estrat\u00e9gias importantes, para vender mais em feiras de artesanato\u2022 Dicas de customiza\u00e7\u00e3o de vestido por Daniel Monteiro \u2022 Muitos artes\u00e3os de diversas t\u00e9cnicas \u2022 V\u00e1rias empresas com descontos especiais para os leitores da revista.  APROVEITE!  ----------------------------  Lembrando que qualquer material adquirido em nossa loja, voc\u00ea estar\u00e1 ajudando a muitas fam\u00edlias que vivem do artesanato no Brasil.  Obrigado e \u00f3timo aprendizado! Um grande Abra\u00e7o da Equipe Artesanato In Casa\" \/>\n<meta property=\"og:url\" content=\"https:\/\/artesanatoincasa.com.br\/loja\/produto\/revistas-e-apostilas\/revista-artesanato-in-casa-ed-19-versao-digital\/\" \/>\n<meta property=\"og:site_name\" content=\"Loja Artesanato In Casa\" \/>\n<meta property=\"article:modified_time\" content=\"2026-04-20T20:34:15+00:00\" \/>\n<meta property=\"og:image\" content=\"http:\/\/artesanatoincasa.com.br\/loja\/wp-content\/uploads\/2025\/02\/Revista-Artesanato-In-Casa_19.jpg\" \/>\n\t<meta property=\"og:image:width\" content=\"1200\" \/>\n\t<meta property=\"og:image:height\" content=\"1200\" \/>\n\t<meta property=\"og:image:type\" content=\"image\/jpeg\" \/>\n<script type=\"application\/ld+json\" class=\"yoast-schema-graph\">{\"@context\":\"https:\\\/\\\/schema.org\",\"@graph\":[{\"@type\":\"WebPage\",\"@id\":\"https:\\\/\\\/artesanatoincasa.com.br\\\/loja\\\/produto\\\/revistas-e-apostilas\\\/revista-artesanato-in-casa-ed-19-versao-digital\\\/\",\"url\":\"https:\\\/\\\/artesanatoincasa.com.br\\\/loja\\\/produto\\\/revistas-e-apostilas\\\/revista-artesanato-in-casa-ed-19-versao-digital\\\/\",\"name\":\"Revista Artesanato In Casa Ed. 19 \u2013 VERS\u00c3O DIGITAL - Loja Artesanato In Casa\",\"isPartOf\":{\"@id\":\"https:\\\/\\\/artesanatoincasa.com.br\\\/loja\\\/#website\"},\"primaryImageOfPage\":{\"@id\":\"https:\\\/\\\/artesanatoincasa.com.br\\\/loja\\\/produto\\\/revistas-e-apostilas\\\/revista-artesanato-in-casa-ed-19-versao-digital\\\/#primaryimage\"},\"image\":{\"@id\":\"https:\\\/\\\/artesanatoincasa.com.br\\\/loja\\\/produto\\\/revistas-e-apostilas\\\/revista-artesanato-in-casa-ed-19-versao-digital\\\/#primaryimage\"},\"thumbnailUrl\":\"https:\\\/\\\/artesanatoincasa.com.br\\\/loja\\\/wp-content\\\/uploads\\\/2025\\\/02\\\/Revista-Artesanato-In-Casa_19.jpg\",\"datePublished\":\"2025-02-20T21:12:12+00:00\",\"dateModified\":\"2026-04-20T20:34:15+00:00\",\"breadcrumb\":{\"@id\":\"https:\\\/\\\/artesanatoincasa.com.br\\\/loja\\\/produto\\\/revistas-e-apostilas\\\/revista-artesanato-in-casa-ed-19-versao-digital\\\/#breadcrumb\"},\"inLanguage\":\"pt-BR\",\"potentialAction\":[{\"@type\":\"ReadAction\",\"target\":[\"https:\\\/\\\/artesanatoincasa.com.br\\\/loja\\\/produto\\\/revistas-e-apostilas\\\/revista-artesanato-in-casa-ed-19-versao-digital\\\/\"]}]},{\"@type\":\"ImageObject\",\"inLanguage\":\"pt-BR\",\"@id\":\"https:\\\/\\\/artesanatoincasa.com.br\\\/loja\\\/produto\\\/revistas-e-apostilas\\\/revista-artesanato-in-casa-ed-19-versao-digital\\\/#primaryimage\",\"url\":\"https:\\\/\\\/artesanatoincasa.com.br\\\/loja\\\/wp-content\\\/uploads\\\/2025\\\/02\\\/Revista-Artesanato-In-Casa_19.jpg\",\"contentUrl\":\"https:\\\/\\\/artesanatoincasa.com.br\\\/loja\\\/wp-content\\\/uploads\\\/2025\\\/02\\\/Revista-Artesanato-In-Casa_19.jpg\",\"width\":1200,\"height\":1200},{\"@type\":\"BreadcrumbList\",\"@id\":\"https:\\\/\\\/artesanatoincasa.com.br\\\/loja\\\/produto\\\/revistas-e-apostilas\\\/revista-artesanato-in-casa-ed-19-versao-digital\\\/#breadcrumb\",\"itemListElement\":[{\"@type\":\"ListItem\",\"position\":1,\"name\":\"In\u00edcio\",\"item\":\"https:\\\/\\\/artesanatoincasa.com.br\\\/loja\\\/\"},{\"@type\":\"ListItem\",\"position\":2,\"name\":\"Produtos\",\"item\":\"https:\\\/\\\/artesanatoincasa.com.br\\\/loja\\\/loja\\\/\"},{\"@type\":\"ListItem\",\"position\":3,\"name\":\"Revista Artesanato In Casa Ed. 19 \u2013 VERS\u00c3O DIGITAL\"}]},{\"@type\":\"WebSite\",\"@id\":\"https:\\\/\\\/artesanatoincasa.com.br\\\/loja\\\/#website\",\"url\":\"https:\\\/\\\/artesanatoincasa.com.br\\\/loja\\\/\",\"name\":\"Loja Artesanato In Casa\",\"description\":\"Marketplace exclusivo para artes\u00e3os!\",\"publisher\":{\"@id\":\"https:\\\/\\\/artesanatoincasa.com.br\\\/loja\\\/#organization\"},\"alternateName\":\"Loja Artesanato In Casa\",\"potentialAction\":[{\"@type\":\"SearchAction\",\"target\":{\"@type\":\"EntryPoint\",\"urlTemplate\":\"https:\\\/\\\/artesanatoincasa.com.br\\\/loja\\\/?s={search_term_string}\"},\"query-input\":{\"@type\":\"PropertyValueSpecification\",\"valueRequired\":true,\"valueName\":\"search_term_string\"}}],\"inLanguage\":\"pt-BR\"},{\"@type\":\"Organization\",\"@id\":\"https:\\\/\\\/artesanatoincasa.com.br\\\/loja\\\/#organization\",\"name\":\"Loja Artesanato In Casa\",\"alternateName\":\"Loja Artesanato In Casa\",\"url\":\"https:\\\/\\\/artesanatoincasa.com.br\\\/loja\\\/\",\"logo\":{\"@type\":\"ImageObject\",\"inLanguage\":\"pt-BR\",\"@id\":\"https:\\\/\\\/artesanatoincasa.com.br\\\/loja\\\/#\\\/schema\\\/logo\\\/image\\\/\",\"url\":\"http:\\\/\\\/artesanatoincasa.com.br\\\/loja\\\/wp-content\\\/uploads\\\/2023\\\/07\\\/Logo-Marketing-Place.png\",\"contentUrl\":\"http:\\\/\\\/artesanatoincasa.com.br\\\/loja\\\/wp-content\\\/uploads\\\/2023\\\/07\\\/Logo-Marketing-Place.png\",\"width\":698,\"height\":390,\"caption\":\"Loja Artesanato In Casa\"},\"image\":{\"@id\":\"https:\\\/\\\/artesanatoincasa.com.br\\\/loja\\\/#\\\/schema\\\/logo\\\/image\\\/\"}}]}<\/script>\n<!-- \/ Yoast SEO plugin. -->","yoast_head_json":{"title":"Revista Artesanato In Casa Ed. 19 \u2013 VERS\u00c3O DIGITAL - Loja Artesanato In Casa","robots":{"index":"index","follow":"follow","max-snippet":"max-snippet:-1","max-image-preview":"max-image-preview:large","max-video-preview":"max-video-preview:-1"},"canonical":"https:\/\/artesanatoincasa.com.br\/loja\/produto\/revistas-e-apostilas\/revista-artesanato-in-casa-ed-19-versao-digital\/","og_locale":"pt_BR","og_type":"article","og_title":"Revista Artesanato In Casa Ed. 19 \u2013 VERS\u00c3O DIGITAL - Loja Artesanato In Casa","og_description":"VERS\u00c3O DIGITAL + BRINDE (E-book: Marketing Digital para Artes\u00e3os)  Muito artesanato de qualidade em nossa Revista Artesanato In Casa Edi\u00e7\u00e3o 19  Nesta edi\u00e7\u00e3o voc\u00ea ir\u00e1 encontrar:  PASSO A PASSOS COMPLETOS para voc\u00ea APRENDER e LUCRAR, fazer como HOBBY ou como TERAPIA:  \u2022 Costura Criativa com Mi Ledi | Pe\u00e7a: POTE DE COELHO;  \u2022 Arte em Croch\u00ea com Gisele Pereira | Pe\u00e7a: BARRADO P\u00c1SCOA (Pano de Copa);  \u2022 Costura Criativa com Al\u00e1dia Ruiz | Pe\u00e7a: BOLSA DE PRAIA BICOLOR;  \u2022 DIY\/Reciclagem com Tati Nascimento | Pe\u00e7a: PORTA-CELULAR DE MESA  APRENDA A FAZER TAMB\u00c9M...  \u2022 Pintura em Tecido em Pano de Copa com Patricia Santos  \u2022 Ponta de Caneta POPOM com Cris C\u00e2mara  E MAIS:  \u2022 Sess\u00e3o Peter Paiva: O DE SEMPRE COM CARA NOVA - Inovar dentro do seu nicho \u00e9 preciso! \u2022 A arte da fotografia de produto: Dicas essenciais para artes\u00e3os empreendedores Por Bia Hertzing; \u2022 Hist\u00f3ria de Sucesso com Willian Ortiz: O MENINO COSTUREIRO que esta conquistando o Brasil! \u2022 Temos + de 225 trabalhos de artes\u00e3os de todo o Brasil, para se INSPIRAR.  Al\u00e9m de: Moldes e Riscos em Tamanho Real para baixar; Artigo: A identidade visual que transforma seu artesanato em uma marca de valor por Bete Monta e Faiga Silveira - Canal Craft \u2022 Ca\u00e7a-palavras \u2022 Artigo: 5 Estrat\u00e9gias importantes, para vender mais em feiras de artesanato\u2022 Dicas de customiza\u00e7\u00e3o de vestido por Daniel Monteiro \u2022 Muitos artes\u00e3os de diversas t\u00e9cnicas \u2022 V\u00e1rias empresas com descontos especiais para os leitores da revista.  APROVEITE!  ----------------------------  Lembrando que qualquer material adquirido em nossa loja, voc\u00ea estar\u00e1 ajudando a muitas fam\u00edlias que vivem do artesanato no Brasil.  Obrigado e \u00f3timo aprendizado! Um grande Abra\u00e7o da Equipe Artesanato In Casa","og_url":"https:\/\/artesanatoincasa.com.br\/loja\/produto\/revistas-e-apostilas\/revista-artesanato-in-casa-ed-19-versao-digital\/","og_site_name":"Loja Artesanato In Casa","article_modified_time":"2026-04-20T20:34:15+00:00","og_image":[{"width":1200,"height":1200,"url":"http:\/\/artesanatoincasa.com.br\/loja\/wp-content\/uploads\/2025\/02\/Revista-Artesanato-In-Casa_19.jpg","type":"image\/jpeg"}],"schema":{"@context":"https:\/\/schema.org","@graph":[{"@type":"WebPage","@id":"https:\/\/artesanatoincasa.com.br\/loja\/produto\/revistas-e-apostilas\/revista-artesanato-in-casa-ed-19-versao-digital\/","url":"https:\/\/artesanatoincasa.com.br\/loja\/produto\/revistas-e-apostilas\/revista-artesanato-in-casa-ed-19-versao-digital\/","name":"Revista Artesanato In Casa Ed. 19 \u2013 VERS\u00c3O DIGITAL - Loja Artesanato In Casa","isPartOf":{"@id":"https:\/\/artesanatoincasa.com.br\/loja\/#website"},"primaryImageOfPage":{"@id":"https:\/\/artesanatoincasa.com.br\/loja\/produto\/revistas-e-apostilas\/revista-artesanato-in-casa-ed-19-versao-digital\/#primaryimage"},"image":{"@id":"https:\/\/artesanatoincasa.com.br\/loja\/produto\/revistas-e-apostilas\/revista-artesanato-in-casa-ed-19-versao-digital\/#primaryimage"},"thumbnailUrl":"https:\/\/artesanatoincasa.com.br\/loja\/wp-content\/uploads\/2025\/02\/Revista-Artesanato-In-Casa_19.jpg","datePublished":"2025-02-20T21:12:12+00:00","dateModified":"2026-04-20T20:34:15+00:00","breadcrumb":{"@id":"https:\/\/artesanatoincasa.com.br\/loja\/produto\/revistas-e-apostilas\/revista-artesanato-in-casa-ed-19-versao-digital\/#breadcrumb"},"inLanguage":"pt-BR","potentialAction":[{"@type":"ReadAction","target":["https:\/\/artesanatoincasa.com.br\/loja\/produto\/revistas-e-apostilas\/revista-artesanato-in-casa-ed-19-versao-digital\/"]}]},{"@type":"ImageObject","inLanguage":"pt-BR","@id":"https:\/\/artesanatoincasa.com.br\/loja\/produto\/revistas-e-apostilas\/revista-artesanato-in-casa-ed-19-versao-digital\/#primaryimage","url":"https:\/\/artesanatoincasa.com.br\/loja\/wp-content\/uploads\/2025\/02\/Revista-Artesanato-In-Casa_19.jpg","contentUrl":"https:\/\/artesanatoincasa.com.br\/loja\/wp-content\/uploads\/2025\/02\/Revista-Artesanato-In-Casa_19.jpg","width":1200,"height":1200},{"@type":"BreadcrumbList","@id":"https:\/\/artesanatoincasa.com.br\/loja\/produto\/revistas-e-apostilas\/revista-artesanato-in-casa-ed-19-versao-digital\/#breadcrumb","itemListElement":[{"@type":"ListItem","position":1,"name":"In\u00edcio","item":"https:\/\/artesanatoincasa.com.br\/loja\/"},{"@type":"ListItem","position":2,"name":"Produtos","item":"https:\/\/artesanatoincasa.com.br\/loja\/loja\/"},{"@type":"ListItem","position":3,"name":"Revista Artesanato In Casa Ed. 19 \u2013 VERS\u00c3O DIGITAL"}]},{"@type":"WebSite","@id":"https:\/\/artesanatoincasa.com.br\/loja\/#website","url":"https:\/\/artesanatoincasa.com.br\/loja\/","name":"Loja Artesanato In Casa","description":"Marketplace exclusivo para artes\u00e3os!","publisher":{"@id":"https:\/\/artesanatoincasa.com.br\/loja\/#organization"},"alternateName":"Loja Artesanato In Casa","potentialAction":[{"@type":"SearchAction","target":{"@type":"EntryPoint","urlTemplate":"https:\/\/artesanatoincasa.com.br\/loja\/?s={search_term_string}"},"query-input":{"@type":"PropertyValueSpecification","valueRequired":true,"valueName":"search_term_string"}}],"inLanguage":"pt-BR"},{"@type":"Organization","@id":"https:\/\/artesanatoincasa.com.br\/loja\/#organization","name":"Loja Artesanato In Casa","alternateName":"Loja Artesanato In Casa","url":"https:\/\/artesanatoincasa.com.br\/loja\/","logo":{"@type":"ImageObject","inLanguage":"pt-BR","@id":"https:\/\/artesanatoincasa.com.br\/loja\/#\/schema\/logo\/image\/","url":"http:\/\/artesanatoincasa.com.br\/loja\/wp-content\/uploads\/2023\/07\/Logo-Marketing-Place.png","contentUrl":"http:\/\/artesanatoincasa.com.br\/loja\/wp-content\/uploads\/2023\/07\/Logo-Marketing-Place.png","width":698,"height":390,"caption":"Loja Artesanato In Casa"},"image":{"@id":"https:\/\/artesanatoincasa.com.br\/loja\/#\/schema\/logo\/image\/"}}]}},"_links":{"self":[{"href":"https:\/\/artesanatoincasa.com.br\/loja\/wp-json\/wp\/v2\/product\/3725","targetHints":{"allow":["GET"]}}],"collection":[{"href":"https:\/\/artesanatoincasa.com.br\/loja\/wp-json\/wp\/v2\/product"}],"about":[{"href":"https:\/\/artesanatoincasa.com.br\/loja\/wp-json\/wp\/v2\/types\/product"}],"replies":[{"embeddable":true,"href":"https:\/\/artesanatoincasa.com.br\/loja\/wp-json\/wp\/v2\/comments?post=3725"}],"wp:featuredmedia":[{"embeddable":true,"href":"https:\/\/artesanatoincasa.com.br\/loja\/wp-json\/wp\/v2\/media\/3726"}],"wp:attachment":[{"href":"https:\/\/artesanatoincasa.com.br\/loja\/wp-json\/wp\/v2\/media?parent=3725"}],"wp:term":[{"taxonomy":"product_brand","embeddable":true,"href":"https:\/\/artesanatoincasa.com.br\/loja\/wp-json\/wp\/v2\/product_brand?post=3725"},{"taxonomy":"product_cat","embeddable":true,"href":"https:\/\/artesanatoincasa.com.br\/loja\/wp-json\/wp\/v2\/product_cat?post=3725"},{"taxonomy":"product_tag","embeddable":true,"href":"https:\/\/artesanatoincasa.com.br\/loja\/wp-json\/wp\/v2\/product_tag?post=3725"}],"curies":[{"name":"wp","href":"https:\/\/api.w.org\/{rel}","templated":true}]}}