{"id":2106,"date":"2024-02-26T18:58:25","date_gmt":"2024-02-26T21:58:25","guid":{"rendered":"https:\/\/artesanatoincasa.com.br\/loja\/?post_type=product&#038;p=2106"},"modified":"2024-12-04T12:22:46","modified_gmt":"2024-12-04T15:22:46","slug":"apostila-patchwork-in-casa","status":"publish","type":"product","link":"https:\/\/artesanatoincasa.com.br\/loja\/produto\/revistas-e-apostilas\/apostila-patchwork-in-casa\/","title":{"rendered":"Apostila Digital &#8211; Patchwork in Casa + BRINDES"},"content":{"rendered":"<p><strong>APOSTILA &#8220;Patchwork in Casa<\/strong>&#8221; \u00e9 um produto digital com <strong>Moldes em tamanho real<\/strong>. <strong>+ BRINDES<\/strong><\/p>\n<p>Onde voc\u00ea ir\u00e1 aprender a fazer 12 trabalhos, passo a passo criando pe\u00e7as \u00fanicas e exclusivas.<\/p>\n<p><strong>Segmento<\/strong>: Artesanato<\/p>\n<p><strong>Quantidade de p\u00e1ginas<\/strong>: 110<\/p>\n<p><strong>Formato:<\/strong> A4 (caso queira imprimir)<\/p>\n<p><strong>APOSTILA &#8220;Patchwork in Casa&#8221;<\/strong> \u00e9 um produto digital que veio para ajudar os amantes do PATCHWORK, do iniciante ao avan\u00e7ado. <strong>Com 12 pe\u00e7as<\/strong> para voc\u00ea fazer com poucos materiais e gerar uma renda extra ou at\u00e9 mesmo a sua principal. Com alguns retalhos de tecido, voc\u00ea ir\u00e1 aprender a criar pe\u00e7as artesanais \u00fanicas e exclusivas.<\/p>\n<p><strong>E mais:<\/strong> Introdu\u00e7\u00e3o ao patchwork e sua origem \u2022 Super dicas para iniciantes na t\u00e9cnica \u2022 Como precificar seus trabalhos \u2022 Benef\u00edcios que o patchwork lhe proporciona \u2022 Como despertar sua criatividade \u2022 7 Dicas para bombar nas redes sociais e ter mais vendas!<\/p>\n<p><strong>Adquira agora mesmo esta apostila digital e aumente ainda mais seu conhecimento em Patchwork, APROVEITE!<\/strong><\/p>\n","protected":false},"excerpt":{"rendered":"<p><strong>APOSTILA &#8220;Patchwork in Casa<\/strong>&#8221; \u00e9 um produto digital com <strong>Moldes em tamanho real<\/strong>. <strong>+ BRINDES<\/strong><\/p>\n<p>Onde voc\u00ea ir\u00e1 aprender a fazer 12 trabalhos, passo a passo criando pe\u00e7as \u00fanicas e exclusivas.<\/p>\n<p><strong>Segmento<\/strong>: Artesanato<\/p>\n<p><strong>Quantidade de p\u00e1ginas<\/strong>: 110<\/p>\n<p><strong>Formato:<\/strong> A4 (caso queira imprimir)<\/p>\n<p><strong>APOSTILA &#8220;Patchwork in Casa&#8221;<\/strong> \u00e9 um produto digital que veio para ajudar os amantes do PATCHWORK, do iniciante ao avan\u00e7ado. <strong>Com 12 pe\u00e7as<\/strong> para voc\u00ea fazer com poucos materiais e gerar uma renda extra ou at\u00e9 mesmo a sua principal. Com alguns retalhos de tecido, voc\u00ea ir\u00e1 aprender a criar pe\u00e7as artesanais \u00fanicas e exclusivas.<\/p>\n<p><strong>E mais:<\/strong> Introdu\u00e7\u00e3o ao patchwork e sua origem \u2022 Super dicas para iniciantes na t\u00e9cnica \u2022 Como precificar seus trabalhos \u2022 Benef\u00edcios que o patchwork lhe proporciona \u2022 Como despertar sua criatividade \u2022 7 Dicas para bombar nas redes sociais e ter mais vendas!<\/p>\n<p><strong>Adquira agora mesmo esta apostila digital e aumente ainda mais seu conhecimento em Patchwork, APROVEITE!<\/strong><\/p>\n","protected":false},"featured_media":2107,"comment_status":"open","ping_status":"closed","template":"","meta":{"_monsterinsights_skip_tracking":false,"_monsterinsights_sitenote_active":false,"_monsterinsights_sitenote_note":"","_monsterinsights_sitenote_category":0},"product_brand":[],"product_cat":[169,165],"product_tag":[264,260,251,259,243,252,277],"class_list":{"0":"post-2106","1":"product","2":"type-product","3":"status-publish","4":"has-post-thumbnail","6":"product_cat-apostilas","7":"product_cat-revistas-e-apostilas","8":"product_tag-apostila","9":"product_tag-artesa","10":"product_tag-artesanato","11":"product_tag-artesao","12":"product_tag-costura-criativa","13":"product_tag-empreender","14":"product_tag-patchwork","15":"dc_vendor_shop-artesanatoincasa","17":"first","18":"instock","19":"sale","20":"downloadable","21":"virtual","22":"taxable","23":"purchasable","24":"product-type-simple"},"yoast_head":"<!-- This site is optimized with the Yoast SEO plugin v27.4 - https:\/\/yoast.com\/product\/yoast-seo-wordpress\/ -->\n<title>Apostila Digital - Patchwork in Casa + BRINDES - Loja Artesanato In Casa<\/title>\n<meta name=\"robots\" content=\"index, follow, max-snippet:-1, max-image-preview:large, max-video-preview:-1\" \/>\n<link rel=\"canonical\" href=\"https:\/\/artesanatoincasa.com.br\/loja\/produto\/revistas-e-apostilas\/apostila-patchwork-in-casa\/\" \/>\n<meta property=\"og:locale\" content=\"pt_BR\" \/>\n<meta property=\"og:type\" content=\"article\" \/>\n<meta property=\"og:title\" content=\"Apostila Digital - Patchwork in Casa + BRINDES - Loja Artesanato In Casa\" \/>\n<meta property=\"og:description\" content=\"APOSTILA &quot;Patchwork in Casa&quot; \u00e9 um produto digital com Moldes em tamanho real. + BRINDES  Onde voc\u00ea ir\u00e1 aprender a fazer 12 trabalhos, passo a passo criando pe\u00e7as \u00fanicas e exclusivas.  Segmento: Artesanato  Quantidade de p\u00e1ginas: 110  Formato: A4 (caso queira imprimir)  APOSTILA &quot;Patchwork in Casa&quot; \u00e9 um produto digital que veio para ajudar os amantes do PATCHWORK, do iniciante ao avan\u00e7ado. Com 12 pe\u00e7as para voc\u00ea fazer com poucos materiais e gerar uma renda extra ou at\u00e9 mesmo a sua principal. Com alguns retalhos de tecido, voc\u00ea ir\u00e1 aprender a criar pe\u00e7as artesanais \u00fanicas e exclusivas.  E mais: Introdu\u00e7\u00e3o ao patchwork e sua origem \u2022 Super dicas para iniciantes na t\u00e9cnica \u2022 Como precificar seus trabalhos \u2022 Benef\u00edcios que o patchwork lhe proporciona \u2022 Como despertar sua criatividade \u2022 7 Dicas para bombar nas redes sociais e ter mais vendas!  Adquira agora mesmo esta apostila digital e aumente ainda mais seu conhecimento em Patchwork, APROVEITE!\" \/>\n<meta property=\"og:url\" content=\"https:\/\/artesanatoincasa.com.br\/loja\/produto\/revistas-e-apostilas\/apostila-patchwork-in-casa\/\" \/>\n<meta property=\"og:site_name\" content=\"Loja Artesanato In Casa\" \/>\n<meta property=\"article:modified_time\" content=\"2024-12-04T15:22:46+00:00\" \/>\n<meta property=\"og:image\" content=\"http:\/\/artesanatoincasa.com.br\/loja\/wp-content\/uploads\/2024\/02\/Apostila-Patchwork-in-Casa_12-Pecas-1-scaled.jpg\" \/>\n\t<meta property=\"og:image:width\" content=\"1810\" \/>\n\t<meta property=\"og:image:height\" content=\"2560\" \/>\n\t<meta property=\"og:image:type\" content=\"image\/jpeg\" \/>\n<script type=\"application\/ld+json\" class=\"yoast-schema-graph\">{\"@context\":\"https:\\\/\\\/schema.org\",\"@graph\":[{\"@type\":\"WebPage\",\"@id\":\"https:\\\/\\\/artesanatoincasa.com.br\\\/loja\\\/produto\\\/revistas-e-apostilas\\\/apostila-patchwork-in-casa\\\/\",\"url\":\"https:\\\/\\\/artesanatoincasa.com.br\\\/loja\\\/produto\\\/revistas-e-apostilas\\\/apostila-patchwork-in-casa\\\/\",\"name\":\"Apostila Digital - Patchwork in Casa + BRINDES - Loja Artesanato In Casa\",\"isPartOf\":{\"@id\":\"https:\\\/\\\/artesanatoincasa.com.br\\\/loja\\\/#website\"},\"primaryImageOfPage\":{\"@id\":\"https:\\\/\\\/artesanatoincasa.com.br\\\/loja\\\/produto\\\/revistas-e-apostilas\\\/apostila-patchwork-in-casa\\\/#primaryimage\"},\"image\":{\"@id\":\"https:\\\/\\\/artesanatoincasa.com.br\\\/loja\\\/produto\\\/revistas-e-apostilas\\\/apostila-patchwork-in-casa\\\/#primaryimage\"},\"thumbnailUrl\":\"https:\\\/\\\/artesanatoincasa.com.br\\\/loja\\\/wp-content\\\/uploads\\\/2024\\\/02\\\/Apostila-Patchwork-in-Casa_12-Pecas-1-scaled.jpg\",\"datePublished\":\"2024-02-26T21:58:25+00:00\",\"dateModified\":\"2024-12-04T15:22:46+00:00\",\"breadcrumb\":{\"@id\":\"https:\\\/\\\/artesanatoincasa.com.br\\\/loja\\\/produto\\\/revistas-e-apostilas\\\/apostila-patchwork-in-casa\\\/#breadcrumb\"},\"inLanguage\":\"pt-BR\",\"potentialAction\":[{\"@type\":\"ReadAction\",\"target\":[\"https:\\\/\\\/artesanatoincasa.com.br\\\/loja\\\/produto\\\/revistas-e-apostilas\\\/apostila-patchwork-in-casa\\\/\"]}]},{\"@type\":\"ImageObject\",\"inLanguage\":\"pt-BR\",\"@id\":\"https:\\\/\\\/artesanatoincasa.com.br\\\/loja\\\/produto\\\/revistas-e-apostilas\\\/apostila-patchwork-in-casa\\\/#primaryimage\",\"url\":\"https:\\\/\\\/artesanatoincasa.com.br\\\/loja\\\/wp-content\\\/uploads\\\/2024\\\/02\\\/Apostila-Patchwork-in-Casa_12-Pecas-1-scaled.jpg\",\"contentUrl\":\"https:\\\/\\\/artesanatoincasa.com.br\\\/loja\\\/wp-content\\\/uploads\\\/2024\\\/02\\\/Apostila-Patchwork-in-Casa_12-Pecas-1-scaled.jpg\",\"width\":1810,\"height\":2560},{\"@type\":\"BreadcrumbList\",\"@id\":\"https:\\\/\\\/artesanatoincasa.com.br\\\/loja\\\/produto\\\/revistas-e-apostilas\\\/apostila-patchwork-in-casa\\\/#breadcrumb\",\"itemListElement\":[{\"@type\":\"ListItem\",\"position\":1,\"name\":\"In\u00edcio\",\"item\":\"https:\\\/\\\/artesanatoincasa.com.br\\\/loja\\\/\"},{\"@type\":\"ListItem\",\"position\":2,\"name\":\"Produtos\",\"item\":\"https:\\\/\\\/artesanatoincasa.com.br\\\/loja\\\/loja\\\/\"},{\"@type\":\"ListItem\",\"position\":3,\"name\":\"Apostila Digital &#8211; Patchwork in Casa + BRINDES\"}]},{\"@type\":\"WebSite\",\"@id\":\"https:\\\/\\\/artesanatoincasa.com.br\\\/loja\\\/#website\",\"url\":\"https:\\\/\\\/artesanatoincasa.com.br\\\/loja\\\/\",\"name\":\"Loja Artesanato In Casa\",\"description\":\"Marketplace exclusivo para artes\u00e3os!\",\"publisher\":{\"@id\":\"https:\\\/\\\/artesanatoincasa.com.br\\\/loja\\\/#organization\"},\"alternateName\":\"Loja Artesanato In Casa\",\"potentialAction\":[{\"@type\":\"SearchAction\",\"target\":{\"@type\":\"EntryPoint\",\"urlTemplate\":\"https:\\\/\\\/artesanatoincasa.com.br\\\/loja\\\/?s={search_term_string}\"},\"query-input\":{\"@type\":\"PropertyValueSpecification\",\"valueRequired\":true,\"valueName\":\"search_term_string\"}}],\"inLanguage\":\"pt-BR\"},{\"@type\":\"Organization\",\"@id\":\"https:\\\/\\\/artesanatoincasa.com.br\\\/loja\\\/#organization\",\"name\":\"Loja Artesanato In Casa\",\"alternateName\":\"Loja Artesanato In Casa\",\"url\":\"https:\\\/\\\/artesanatoincasa.com.br\\\/loja\\\/\",\"logo\":{\"@type\":\"ImageObject\",\"inLanguage\":\"pt-BR\",\"@id\":\"https:\\\/\\\/artesanatoincasa.com.br\\\/loja\\\/#\\\/schema\\\/logo\\\/image\\\/\",\"url\":\"http:\\\/\\\/artesanatoincasa.com.br\\\/loja\\\/wp-content\\\/uploads\\\/2023\\\/07\\\/Logo-Marketing-Place.png\",\"contentUrl\":\"http:\\\/\\\/artesanatoincasa.com.br\\\/loja\\\/wp-content\\\/uploads\\\/2023\\\/07\\\/Logo-Marketing-Place.png\",\"width\":698,\"height\":390,\"caption\":\"Loja Artesanato In Casa\"},\"image\":{\"@id\":\"https:\\\/\\\/artesanatoincasa.com.br\\\/loja\\\/#\\\/schema\\\/logo\\\/image\\\/\"}}]}<\/script>\n<!-- \/ Yoast SEO plugin. -->","yoast_head_json":{"title":"Apostila Digital - Patchwork in Casa + BRINDES - Loja Artesanato In Casa","robots":{"index":"index","follow":"follow","max-snippet":"max-snippet:-1","max-image-preview":"max-image-preview:large","max-video-preview":"max-video-preview:-1"},"canonical":"https:\/\/artesanatoincasa.com.br\/loja\/produto\/revistas-e-apostilas\/apostila-patchwork-in-casa\/","og_locale":"pt_BR","og_type":"article","og_title":"Apostila Digital - Patchwork in Casa + BRINDES - Loja Artesanato In Casa","og_description":"APOSTILA \"Patchwork in Casa\" \u00e9 um produto digital com Moldes em tamanho real. + BRINDES  Onde voc\u00ea ir\u00e1 aprender a fazer 12 trabalhos, passo a passo criando pe\u00e7as \u00fanicas e exclusivas.  Segmento: Artesanato  Quantidade de p\u00e1ginas: 110  Formato: A4 (caso queira imprimir)  APOSTILA \"Patchwork in Casa\" \u00e9 um produto digital que veio para ajudar os amantes do PATCHWORK, do iniciante ao avan\u00e7ado. Com 12 pe\u00e7as para voc\u00ea fazer com poucos materiais e gerar uma renda extra ou at\u00e9 mesmo a sua principal. Com alguns retalhos de tecido, voc\u00ea ir\u00e1 aprender a criar pe\u00e7as artesanais \u00fanicas e exclusivas.  E mais: Introdu\u00e7\u00e3o ao patchwork e sua origem \u2022 Super dicas para iniciantes na t\u00e9cnica \u2022 Como precificar seus trabalhos \u2022 Benef\u00edcios que o patchwork lhe proporciona \u2022 Como despertar sua criatividade \u2022 7 Dicas para bombar nas redes sociais e ter mais vendas!  Adquira agora mesmo esta apostila digital e aumente ainda mais seu conhecimento em Patchwork, APROVEITE!","og_url":"https:\/\/artesanatoincasa.com.br\/loja\/produto\/revistas-e-apostilas\/apostila-patchwork-in-casa\/","og_site_name":"Loja Artesanato In Casa","article_modified_time":"2024-12-04T15:22:46+00:00","og_image":[{"width":1810,"height":2560,"url":"http:\/\/artesanatoincasa.com.br\/loja\/wp-content\/uploads\/2024\/02\/Apostila-Patchwork-in-Casa_12-Pecas-1-scaled.jpg","type":"image\/jpeg"}],"schema":{"@context":"https:\/\/schema.org","@graph":[{"@type":"WebPage","@id":"https:\/\/artesanatoincasa.com.br\/loja\/produto\/revistas-e-apostilas\/apostila-patchwork-in-casa\/","url":"https:\/\/artesanatoincasa.com.br\/loja\/produto\/revistas-e-apostilas\/apostila-patchwork-in-casa\/","name":"Apostila Digital - Patchwork in Casa + BRINDES - Loja Artesanato In Casa","isPartOf":{"@id":"https:\/\/artesanatoincasa.com.br\/loja\/#website"},"primaryImageOfPage":{"@id":"https:\/\/artesanatoincasa.com.br\/loja\/produto\/revistas-e-apostilas\/apostila-patchwork-in-casa\/#primaryimage"},"image":{"@id":"https:\/\/artesanatoincasa.com.br\/loja\/produto\/revistas-e-apostilas\/apostila-patchwork-in-casa\/#primaryimage"},"thumbnailUrl":"https:\/\/artesanatoincasa.com.br\/loja\/wp-content\/uploads\/2024\/02\/Apostila-Patchwork-in-Casa_12-Pecas-1-scaled.jpg","datePublished":"2024-02-26T21:58:25+00:00","dateModified":"2024-12-04T15:22:46+00:00","breadcrumb":{"@id":"https:\/\/artesanatoincasa.com.br\/loja\/produto\/revistas-e-apostilas\/apostila-patchwork-in-casa\/#breadcrumb"},"inLanguage":"pt-BR","potentialAction":[{"@type":"ReadAction","target":["https:\/\/artesanatoincasa.com.br\/loja\/produto\/revistas-e-apostilas\/apostila-patchwork-in-casa\/"]}]},{"@type":"ImageObject","inLanguage":"pt-BR","@id":"https:\/\/artesanatoincasa.com.br\/loja\/produto\/revistas-e-apostilas\/apostila-patchwork-in-casa\/#primaryimage","url":"https:\/\/artesanatoincasa.com.br\/loja\/wp-content\/uploads\/2024\/02\/Apostila-Patchwork-in-Casa_12-Pecas-1-scaled.jpg","contentUrl":"https:\/\/artesanatoincasa.com.br\/loja\/wp-content\/uploads\/2024\/02\/Apostila-Patchwork-in-Casa_12-Pecas-1-scaled.jpg","width":1810,"height":2560},{"@type":"BreadcrumbList","@id":"https:\/\/artesanatoincasa.com.br\/loja\/produto\/revistas-e-apostilas\/apostila-patchwork-in-casa\/#breadcrumb","itemListElement":[{"@type":"ListItem","position":1,"name":"In\u00edcio","item":"https:\/\/artesanatoincasa.com.br\/loja\/"},{"@type":"ListItem","position":2,"name":"Produtos","item":"https:\/\/artesanatoincasa.com.br\/loja\/loja\/"},{"@type":"ListItem","position":3,"name":"Apostila Digital &#8211; Patchwork in Casa + BRINDES"}]},{"@type":"WebSite","@id":"https:\/\/artesanatoincasa.com.br\/loja\/#website","url":"https:\/\/artesanatoincasa.com.br\/loja\/","name":"Loja Artesanato In Casa","description":"Marketplace exclusivo para artes\u00e3os!","publisher":{"@id":"https:\/\/artesanatoincasa.com.br\/loja\/#organization"},"alternateName":"Loja Artesanato In Casa","potentialAction":[{"@type":"SearchAction","target":{"@type":"EntryPoint","urlTemplate":"https:\/\/artesanatoincasa.com.br\/loja\/?s={search_term_string}"},"query-input":{"@type":"PropertyValueSpecification","valueRequired":true,"valueName":"search_term_string"}}],"inLanguage":"pt-BR"},{"@type":"Organization","@id":"https:\/\/artesanatoincasa.com.br\/loja\/#organization","name":"Loja Artesanato In Casa","alternateName":"Loja Artesanato In Casa","url":"https:\/\/artesanatoincasa.com.br\/loja\/","logo":{"@type":"ImageObject","inLanguage":"pt-BR","@id":"https:\/\/artesanatoincasa.com.br\/loja\/#\/schema\/logo\/image\/","url":"http:\/\/artesanatoincasa.com.br\/loja\/wp-content\/uploads\/2023\/07\/Logo-Marketing-Place.png","contentUrl":"http:\/\/artesanatoincasa.com.br\/loja\/wp-content\/uploads\/2023\/07\/Logo-Marketing-Place.png","width":698,"height":390,"caption":"Loja Artesanato In Casa"},"image":{"@id":"https:\/\/artesanatoincasa.com.br\/loja\/#\/schema\/logo\/image\/"}}]}},"_links":{"self":[{"href":"https:\/\/artesanatoincasa.com.br\/loja\/wp-json\/wp\/v2\/product\/2106","targetHints":{"allow":["GET"]}}],"collection":[{"href":"https:\/\/artesanatoincasa.com.br\/loja\/wp-json\/wp\/v2\/product"}],"about":[{"href":"https:\/\/artesanatoincasa.com.br\/loja\/wp-json\/wp\/v2\/types\/product"}],"replies":[{"embeddable":true,"href":"https:\/\/artesanatoincasa.com.br\/loja\/wp-json\/wp\/v2\/comments?post=2106"}],"wp:featuredmedia":[{"embeddable":true,"href":"https:\/\/artesanatoincasa.com.br\/loja\/wp-json\/wp\/v2\/media\/2107"}],"wp:attachment":[{"href":"https:\/\/artesanatoincasa.com.br\/loja\/wp-json\/wp\/v2\/media?parent=2106"}],"wp:term":[{"taxonomy":"product_brand","embeddable":true,"href":"https:\/\/artesanatoincasa.com.br\/loja\/wp-json\/wp\/v2\/product_brand?post=2106"},{"taxonomy":"product_cat","embeddable":true,"href":"https:\/\/artesanatoincasa.com.br\/loja\/wp-json\/wp\/v2\/product_cat?post=2106"},{"taxonomy":"product_tag","embeddable":true,"href":"https:\/\/artesanatoincasa.com.br\/loja\/wp-json\/wp\/v2\/product_tag?post=2106"}],"curies":[{"name":"wp","href":"https:\/\/api.w.org\/{rel}","templated":true}]}}